{"id":976,"date":"2022-04-29T11:44:26","date_gmt":"2022-04-29T09:44:26","guid":{"rendered":"https:\/\/exclusivegolftrolleys.de\/shop\/?post_type=product&#038;p=976"},"modified":"2026-04-09T11:01:29","modified_gmt":"2026-04-09T09:01:29","slug":"justar-black-series-1-0-golftrolley-set","status":"publish","type":"product","link":"https:\/\/www.exclusive-golf-trolleys.de\/shop\/produkt\/justar-black-series-1-0-golftrolley-set\/","title":{"rendered":"JuStar Black Series 1.0 Golftrolley Set"},"content":{"rendered":"<h2>JuStar Black Series 1.0 Golftrolley Set<\/h2>\n<p>Im Golftrolley von JuStar in der Black vereinen sich Eleganz, Klasse und l\u00e4ssige Sportlichkeit zu einem mattschwarzen Understatement.<br \/>\nDer Leichtbaurahmen aus Aluminiumlegierung ist in purem Mattschwarz lackiert.<br \/>\nDer hochfeste Werkstoff aus dem rostfreien, leichten Material ist extrem stabil und garantiert eine hohe Lebensdauer.<br \/>\nDer Elektrotrolley ist mit zwei in die Achse integrierten Antriebsmotoren und einem Lithium-Hochleistungsakku, mit einer Reichweite bis zu 45 Loch, ausgestattet.<br \/>\nMit wenigen Handgriffen ist der Trolley zum komfortablen Packma\u00df zerlegt.<br \/>\nDie stufenlose Geschwindigkeitseinstellung mittels ergonomischem Gasgriff sowie die h\u00f6henverstellbare Griffstange und die optional erh\u00e4ltliche Fernsteuerung<br \/>\nerm\u00f6glichen ein angenehmes und entspanntes Spiel.<br \/>\nDer mattschwarze Favorit zu einem sensationellen Set-Preis<\/p>\n<p><strong>Original JuStar Zubeh\u00f6r im Set enthalten:<br \/>\nJuStar Trolley Tragetasche<br \/>\nJuStar Scorekartenhalter in schwarz<br \/>\nJuStar Regen- Golfschirm in Silber mit 99% UV-Protection<br \/>\nJuStar Griffschutz 2-tlg., Schwarz, montiert<\/strong><\/p>\n<p><strong><br \/>\n<\/strong><strong>Technische Details (Trolley):<\/strong><\/p>\n<ul>\n<li>Golftrolley mit Leichtbaurahmen aus Aluminiumlegierung, matt-schwarz lackiert<\/li>\n<li>2 dynamische Hightech-Antriebseinheiten<\/li>\n<li>einfache Gasgriffbedienung<\/li>\n<li>ho\u0308henverstellbare Griffstange<\/li>\n<li>elektronische Bergbremse<\/li>\n<li>Freilauffunktion<\/li>\n<li>automatischer Vorlauf 10-20-30 Meter<\/li>\n<li>schnell zerlegbar, Packma\u00df 65x60x15 cm<\/li>\n<li>sichere Bagbefestigung, feststehende Bagbu\u0308gel<\/li>\n<li>keine Gewichtsbegrenzung<\/li>\n<li>Schirmhalterung fu\u0308r JuStar Schirm<\/li>\n<li>Lithium-Hochleistungsakku bis zu 45 Loch inkl. kleinem Ladegera\u0308t &#8211; getestet, gepr\u00fcft und nach UN-Transporttest BU-202100303-B1 zertifiziert<\/li>\n<li>Akku wird nicht sichtbar im Golfbag untergebracht<\/li>\n<li>Gewicht des Golftrolleys mit Rahmen und Ra\u0308dern: 6,5 kg<\/li>\n<\/ul>\n<p><strong>Optionales, original JuStar Zubeh\u00f6r bestellbar:<\/strong><br \/>\nJuStar Fernsteuerung 379 Euro bei Trolley Neukauf \/ sp\u00e4tere Nachr\u00fcstung 399 Euro.<br \/>\nJuStar Elektronische Parkbremse 99 Euro &#8211; kann NICHT nachtr\u00e4glich erg\u00e4nzt werden<\/p>\n<p><strong>Tragetasche:<\/strong><br \/>\nStabile und gepolsterte Tragetasche f\u00fcr einen sauberen Transport im Auto.<br \/>\nFarbe: Schwarz.<br \/>\nMa\u00dfe: ca. 65 x 60 x 15 cm<\/p>\n<p><strong>JuStar Scorekartenhalter<\/strong><br \/>\nDer Scorekartenhalter sch\u00fctzt nicht nur Ihre Scorekarte, sondern h\u00e4lt auch wichtiges Zubeh\u00f6r wie B\u00e4lle, Tees und Bleistift stets griffbereit.<br \/>\nDie aufklappbare, regendichte Abdeckung ist mit Edelstahl-Scharnieren und einem Magnetverschluss versehen.<br \/>\nAn der R\u00fcckseite ist ein Klettband angebracht, an dem Ihr Golfhandschuh schnell und einfach befestigt werden kann.<\/p>\n<p><strong>JuStar Regenschirm<\/strong><br \/>\nDer extra leichte und gro\u00dfe JuStar Regenschirm f\u00fcr alle Wetterlagen, ob Regen oder Sonnenschein, mit 99% UV-Protection<br \/>\nAusgestattet mit Schirmstift und Windsicherung, l\u00e4sst er sich problemlos an der Griffstange ihres JuStar aufstecken.<br \/>\nEine separate Schirmhalterung wird nicht ben\u00f6tigt.<br \/>\nAuf Wunsch mit Namen oder Initialen bedruckt (Aufpreis Druck 30 Euro)Farbe: Silber.<\/p>\n","protected":false},"excerpt":{"rendered":"<p><strong>JuStar Black Series 1.0 Golftrolley-Set<br \/>\nin elegantem Mattschwarz<br \/>\n<\/strong>Im Setpreis enthalten:<br \/>\nJuStar Griffschutz, JuStar Tragetasche, JuStar Scorekartenhalter, JuStar Golfschirm<\/p>\n","protected":false},"featured_media":975,"comment_status":"open","ping_status":"closed","template":"","meta":{"ocean_post_layout":"","ocean_both_sidebars_style":"","ocean_both_sidebars_content_width":0,"ocean_both_sidebars_sidebars_width":0,"ocean_sidebar":"0","ocean_second_sidebar":"0","ocean_disable_margins":"enable","ocean_add_body_class":"","ocean_shortcode_before_top_bar":"","ocean_shortcode_after_top_bar":"","ocean_shortcode_before_header":"","ocean_shortcode_after_header":"","ocean_has_shortcode":"","ocean_shortcode_after_title":"","ocean_shortcode_before_footer_widgets":"","ocean_shortcode_after_footer_widgets":"","ocean_shortcode_before_footer_bottom":"","ocean_shortcode_after_footer_bottom":"","ocean_display_top_bar":"default","ocean_display_header":"default","ocean_header_style":"","ocean_center_header_left_menu":"0","ocean_custom_header_template":"0","ocean_custom_logo":0,"ocean_custom_retina_logo":0,"ocean_custom_logo_max_width":0,"ocean_custom_logo_tablet_max_width":0,"ocean_custom_logo_mobile_max_width":0,"ocean_custom_logo_max_height":0,"ocean_custom_logo_tablet_max_height":0,"ocean_custom_logo_mobile_max_height":0,"ocean_header_custom_menu":"0","ocean_menu_typo_font_family":"0","ocean_menu_typo_font_subset":"","ocean_menu_typo_font_size":0,"ocean_menu_typo_font_size_tablet":0,"ocean_menu_typo_font_size_mobile":0,"ocean_menu_typo_font_size_unit":"px","ocean_menu_typo_font_weight":"","ocean_menu_typo_font_weight_tablet":"","ocean_menu_typo_font_weight_mobile":"","ocean_menu_typo_transform":"","ocean_menu_typo_transform_tablet":"","ocean_menu_typo_transform_mobile":"","ocean_menu_typo_line_height":0,"ocean_menu_typo_line_height_tablet":0,"ocean_menu_typo_line_height_mobile":0,"ocean_menu_typo_line_height_unit":"","ocean_menu_typo_spacing":0,"ocean_menu_typo_spacing_tablet":0,"ocean_menu_typo_spacing_mobile":0,"ocean_menu_typo_spacing_unit":"","ocean_menu_link_color":"","ocean_menu_link_color_hover":"","ocean_menu_link_color_active":"","ocean_menu_link_background":"","ocean_menu_link_hover_background":"","ocean_menu_link_active_background":"","ocean_menu_social_links_bg":"","ocean_menu_social_hover_links_bg":"","ocean_menu_social_links_color":"","ocean_menu_social_hover_links_color":"","ocean_disable_title":"default","ocean_disable_heading":"default","ocean_post_title":"","ocean_post_subheading":"","ocean_post_title_style":"","ocean_post_title_background_color":"","ocean_post_title_background":0,"ocean_post_title_bg_image_position":"","ocean_post_title_bg_image_attachment":"","ocean_post_title_bg_image_repeat":"","ocean_post_title_bg_image_size":"","ocean_post_title_height":0,"ocean_post_title_bg_overlay":0.5,"ocean_post_title_bg_overlay_color":"","ocean_disable_breadcrumbs":"default","ocean_breadcrumbs_color":"","ocean_breadcrumbs_separator_color":"","ocean_breadcrumbs_links_color":"","ocean_breadcrumbs_links_hover_color":"","ocean_display_footer_widgets":"default","ocean_display_footer_bottom":"default","ocean_custom_footer_template":"0","omw_enable_modal_window":"enable","osh_disable_topbar_sticky":"default","osh_disable_header_sticky":"default","osh_sticky_header_style":"default","osh_sticky_header_effect":"","osh_custom_sticky_logo":0,"osh_custom_retina_sticky_logo":0,"osh_custom_sticky_logo_height":0,"osh_background_color":"","osh_links_color":"","osh_links_hover_color":"","osh_links_active_color":"","osh_links_bg_color":"","osh_links_hover_bg_color":"","osh_links_active_bg_color":"","osh_menu_social_links_color":"","osh_menu_social_hover_links_color":""},"product_brand":[1007],"product_cat":[66,44,63,15],"product_tag":[72,73,1045,1102],"class_list":{"0":"post-976","1":"product","2":"type-product","3":"status-publish","4":"has-post-thumbnail","6":"product_brand-justar","7":"product_cat-justar-aluminium-golftrolleys","8":"product_cat-golftrolleys","9":"product_cat-justar","10":"product_cat-zubehoer","11":"product_tag-golftrolley","12":"product_tag-justar","13":"product_tag-justar-black-1-0-set","14":"product_tag-justar-black-series-1-0","15":"tm-has-options","17":"entry","18":"has-media","20":"first","21":"instock","22":"sale","23":"taxable","24":"shipping-taxable","25":"purchasable","26":"product-type-simple","27":"col","28":"span_1_of_3","29":"owp-content-center","30":"owp-thumbs-layout-horizontal","31":"owp-btn-normal","32":"owp-tabs-layout-horizontal","33":"circle-sale"},"_links":{"self":[{"href":"https:\/\/www.exclusive-golf-trolleys.de\/shop\/wp-json\/wp\/v2\/product\/976","targetHints":{"allow":["GET"]}}],"collection":[{"href":"https:\/\/www.exclusive-golf-trolleys.de\/shop\/wp-json\/wp\/v2\/product"}],"about":[{"href":"https:\/\/www.exclusive-golf-trolleys.de\/shop\/wp-json\/wp\/v2\/types\/product"}],"replies":[{"embeddable":true,"href":"https:\/\/www.exclusive-golf-trolleys.de\/shop\/wp-json\/wp\/v2\/comments?post=976"}],"wp:featuredmedia":[{"embeddable":true,"href":"https:\/\/www.exclusive-golf-trolleys.de\/shop\/wp-json\/wp\/v2\/media\/975"}],"wp:attachment":[{"href":"https:\/\/www.exclusive-golf-trolleys.de\/shop\/wp-json\/wp\/v2\/media?parent=976"}],"wp:term":[{"taxonomy":"product_brand","embeddable":true,"href":"https:\/\/www.exclusive-golf-trolleys.de\/shop\/wp-json\/wp\/v2\/product_brand?post=976"},{"taxonomy":"product_cat","embeddable":true,"href":"https:\/\/www.exclusive-golf-trolleys.de\/shop\/wp-json\/wp\/v2\/product_cat?post=976"},{"taxonomy":"product_tag","embeddable":true,"href":"https:\/\/www.exclusive-golf-trolleys.de\/shop\/wp-json\/wp\/v2\/product_tag?post=976"}],"curies":[{"name":"wp","href":"https:\/\/api.w.org\/{rel}","templated":true}]}}