{"id":7165,"date":"2026-05-01T15:10:10","date_gmt":"2026-05-01T13:10:10","guid":{"rendered":"https:\/\/www.exclusive-golf-trolleys.de\/shop\/?post_type=product&#038;p=7165"},"modified":"2026-05-01T15:22:15","modified_gmt":"2026-05-01T13:22:15","slug":"klickfix-mio-basket-fuer-jucad-justar-golftrolleys","status":"publish","type":"product","link":"https:\/\/www.exclusive-golf-trolleys.de\/shop\/produkt\/klickfix-mio-basket-fuer-jucad-justar-golftrolleys\/","title":{"rendered":"KLICKfix Mio Basket f\u00fcr JuCad JuStar Golftrolleys"},"content":{"rendered":"<p><strong>KLICKfix Mio Basket f\u00fcr JuCad JuStar Golftrolleys<\/strong><br \/>\nDas Ergebnis einer Kooperation zweier starker Marken, KLICKfix und Reisenthel<\/p>\n<h3 class=\"\">Solider Kunststoffkorb f\u00fcr Lenker Adapter mit h\u00f6henverstellbarer Adapterplatte<\/h3>\n<div class=\"product__description\">\n<p>Golftrolleykorb Next Level \u2013 Der Mio Basket setzt neue Ma\u00dfst\u00e4be in Design, Funktion und Qualit\u00e4t \u2013 klare Linien, urbaner Look, moderne Farben.<br \/>\nIm Handumdrehen l\u00e4sst er sich am bew\u00e4hrten KLICKfix Adapter &#8222;Caddy&#8220; sicher anklicken.<br \/>\nDie h\u00f6henverstellbare Adapterplatte erm\u00f6glicht eine flexible Positionierung am Golftrolley.<\/p>\n<p>Der Lenkerkorb bietet Platz f\u00fcr gro\u00dfe Eink\u00e4ufe \u2013 gut gesch\u00fctzt durch eine weiche Matte am Boden.<br \/>\nEin einklappbarer Griff macht ihn zum idealen Begleiter \u2013 auch abseits des Golfplatzes. Vollst\u00e4ndig in Europa produziert, aus robustem Kunststoff \u2013<br \/>\nund damit nicht nur extrem langlebig, sondern auch absolut wetterfest und bereit f\u00fcr jedes Abenteuer.<\/p>\n<p><strong>Tipp:<\/strong> Der Mio Basket kann alternativ mit dem KLICKfix Festkorb Halter\u00a0f\u00fcr eine permanente Montage am Golftrolley umger\u00fcstet werden.<\/p>\n<p>Die Adapterplatte ist stufenlos h\u00f6henverstellbar. Dadurch bleibt gen\u00fcgend Raum f\u00fcr die Beleuchtung.<\/p>\n<p>Der Adapter &#8222;Caddy&#8220; geh\u00f6rt bei diesem Produkt nicht zum Lieferumfang.<br \/>\nW\u00e4hlen Sie die Adaptervariante, die am besten zu Ihrem Rad passt.<\/p>\n<\/div>\n<p>Mit KLICKfix Kupplung f\u00fcr Golftrolley &#8222;Caddy&#8220; oder f\u00fcr Fahrradlenker\u00a0 &#8222;Lenker&#8220; Adapter.<\/p>\n<p>-passend f\u00fcr die KLICKfix Adapter &#8222;Caddy&#8220; + &#8222;Lenker&#8220;<br \/>\n-abnehmbarer Schultergurt<br \/>\n-klappbarer Tragegriff<br \/>\n-abgesetzter Kragen mit Tragegriffen und Rei\u00dfverschluss<br \/>\n-Innentasche mit Rei\u00dfverschluss<br \/>\n-Formstabil durch 2 abnehmbare Versteifungsstreben<br \/>\n-belastbar bis 5 kg<\/p>\n<ul>\n<li>Art.-Nr.: 0384GB<\/li>\n<li>EAN: 4030572107926<\/li>\n<li>Ma\u00dfe (Breite x Tiefe x H\u00f6he): 37cm x 29cm x 27cm<\/li>\n<li>Gewicht: 1140 g<\/li>\n<li>Volumen: 18 l<\/li>\n<li>Max Belastung: 7 kg max.<\/li>\n<li>Tragegriff<\/li>\n<\/ul>\n<p>empf. VKP: 69,95<\/p>\n<p>Einfache Selbstmontage an ihrem JuCad \/ JuStar Golftrolley oder an ihrem Fahrrad m\u00f6glich.<br \/>\nBen\u00f6tigtes Werkzeug: Kreuzschraubendreher mittelgro\u00df<\/p>\n<p><strong>HINWEIS:<\/strong><br \/>\nDer KLICKfix Reisenthel Mio Basket wird<strong> ohne<\/strong> den KLICKfix Adapter &#8222;Caddy&#8220; geliefert.<br \/>\nBitte gleich hier unter Option mitbestellen.<br \/>\nArtikelnummer: 0211CA<br \/>\nF\u00fcr senkrechte Rohre mit Durchmesser von \u00d8 22 &#8211; 36 mm<br \/>\nEinfache Selbstmontage mit Kreuzschraubendreher<\/p>\n<p>Der KLICKfix Reisenthel\u00a0 Mio Basket wird <strong>ohne<\/strong> den KLICKfix Adapter &#8222;Lenker&#8220; speziell f\u00fcr Fahrr\u00e4der geliefert.<br \/>\nBitte gleich hier unter Option mitbestellen.<br \/>\nArtikelnummer: 0211VO<br \/>\nZur Montage am Vorbauschaft \u00d8 22,2 &#8211; 25,4 mm (z.B. Hollandrad)<br \/>\nEinfache Selbstmontage mit Kreuzschraubendreher<\/p>\n","protected":false},"excerpt":{"rendered":"<p><strong>KLICKfix Mio Basket f\u00fcr JuCad JuStar Golftrolleys<\/strong><br \/>\nKLICKfix Golftrolleykorb im beliebten ovalen Format, erh\u00e4ltlich in 3 verschieden tollen Designs.<br \/>\nmit KLICKfix Kupplung f\u00fcr Golftrolley Adapter Caddy (Lieferung ohne Adapter &#8222;Caddy&#8220;)<\/p>\n<p>Einfache Selbstmontage<\/p>\n","protected":false},"featured_media":7166,"comment_status":"open","ping_status":"closed","template":"","meta":{"ocean_post_layout":"","ocean_both_sidebars_style":"","ocean_both_sidebars_content_width":0,"ocean_both_sidebars_sidebars_width":0,"ocean_sidebar":"0","ocean_second_sidebar":"0","ocean_disable_margins":"enable","ocean_add_body_class":"","ocean_shortcode_before_top_bar":"","ocean_shortcode_after_top_bar":"","ocean_shortcode_before_header":"","ocean_shortcode_after_header":"","ocean_has_shortcode":"","ocean_shortcode_after_title":"","ocean_shortcode_before_footer_widgets":"","ocean_shortcode_after_footer_widgets":"","ocean_shortcode_before_footer_bottom":"","ocean_shortcode_after_footer_bottom":"","ocean_display_top_bar":"default","ocean_display_header":"default","ocean_header_style":"","ocean_center_header_left_menu":"0","ocean_custom_header_template":"0","ocean_custom_logo":0,"ocean_custom_retina_logo":0,"ocean_custom_logo_max_width":0,"ocean_custom_logo_tablet_max_width":0,"ocean_custom_logo_mobile_max_width":0,"ocean_custom_logo_max_height":0,"ocean_custom_logo_tablet_max_height":0,"ocean_custom_logo_mobile_max_height":0,"ocean_header_custom_menu":"0","ocean_menu_typo_font_family":"0","ocean_menu_typo_font_subset":"","ocean_menu_typo_font_size":0,"ocean_menu_typo_font_size_tablet":0,"ocean_menu_typo_font_size_mobile":0,"ocean_menu_typo_font_size_unit":"px","ocean_menu_typo_font_weight":"","ocean_menu_typo_font_weight_tablet":"","ocean_menu_typo_font_weight_mobile":"","ocean_menu_typo_transform":"","ocean_menu_typo_transform_tablet":"","ocean_menu_typo_transform_mobile":"","ocean_menu_typo_line_height":0,"ocean_menu_typo_line_height_tablet":0,"ocean_menu_typo_line_height_mobile":0,"ocean_menu_typo_line_height_unit":"","ocean_menu_typo_spacing":0,"ocean_menu_typo_spacing_tablet":0,"ocean_menu_typo_spacing_mobile":0,"ocean_menu_typo_spacing_unit":"","ocean_menu_link_color":"","ocean_menu_link_color_hover":"","ocean_menu_link_color_active":"","ocean_menu_link_background":"","ocean_menu_link_hover_background":"","ocean_menu_link_active_background":"","ocean_menu_social_links_bg":"","ocean_menu_social_hover_links_bg":"","ocean_menu_social_links_color":"","ocean_menu_social_hover_links_color":"","ocean_disable_title":"default","ocean_disable_heading":"default","ocean_post_title":"","ocean_post_subheading":"","ocean_post_title_style":"","ocean_post_title_background_color":"","ocean_post_title_background":0,"ocean_post_title_bg_image_position":"","ocean_post_title_bg_image_attachment":"","ocean_post_title_bg_image_repeat":"","ocean_post_title_bg_image_size":"","ocean_post_title_height":0,"ocean_post_title_bg_overlay":0.5,"ocean_post_title_bg_overlay_color":"","ocean_disable_breadcrumbs":"default","ocean_breadcrumbs_color":"","ocean_breadcrumbs_separator_color":"","ocean_breadcrumbs_links_color":"","ocean_breadcrumbs_links_hover_color":"","ocean_display_footer_widgets":"default","ocean_display_footer_bottom":"default","ocean_custom_footer_template":"0","omw_enable_modal_window":"enable","osh_disable_topbar_sticky":"default","osh_disable_header_sticky":"default","osh_sticky_header_style":"default","osh_sticky_header_effect":"","osh_custom_sticky_logo":0,"osh_custom_retina_sticky_logo":0,"osh_custom_sticky_logo_height":0,"osh_background_color":"","osh_links_color":"","osh_links_hover_color":"","osh_links_active_color":"","osh_links_bg_color":"","osh_links_hover_bg_color":"","osh_links_active_bg_color":"","osh_menu_social_links_color":"","osh_menu_social_hover_links_color":""},"product_brand":[1035],"product_cat":[15,70,653,436],"product_tag":[78,73,1188],"class_list":{"0":"post-7165","1":"product","2":"type-product","3":"status-publish","4":"has-post-thumbnail","6":"product_brand-klickfix","7":"product_cat-zubehoer","8":"product_cat-golfartikel-golfprodukte","9":"product_cat-klickfix","10":"product_cat-zubehoer-fremdhersteller","11":"product_tag-jucad","12":"product_tag-justar","13":"product_tag-klickfix-mio-basket","14":"tm-has-options","16":"entry","17":"has-media","19":"first","20":"instock","21":"sale","22":"taxable","23":"shipping-taxable","24":"purchasable","25":"product-type-simple","26":"col","27":"span_1_of_3","28":"owp-content-center","29":"owp-thumbs-layout-horizontal","30":"owp-btn-normal","31":"owp-tabs-layout-horizontal","32":"circle-sale"},"_links":{"self":[{"href":"https:\/\/www.exclusive-golf-trolleys.de\/shop\/wp-json\/wp\/v2\/product\/7165","targetHints":{"allow":["GET"]}}],"collection":[{"href":"https:\/\/www.exclusive-golf-trolleys.de\/shop\/wp-json\/wp\/v2\/product"}],"about":[{"href":"https:\/\/www.exclusive-golf-trolleys.de\/shop\/wp-json\/wp\/v2\/types\/product"}],"replies":[{"embeddable":true,"href":"https:\/\/www.exclusive-golf-trolleys.de\/shop\/wp-json\/wp\/v2\/comments?post=7165"}],"wp:featuredmedia":[{"embeddable":true,"href":"https:\/\/www.exclusive-golf-trolleys.de\/shop\/wp-json\/wp\/v2\/media\/7166"}],"wp:attachment":[{"href":"https:\/\/www.exclusive-golf-trolleys.de\/shop\/wp-json\/wp\/v2\/media?parent=7165"}],"wp:term":[{"taxonomy":"product_brand","embeddable":true,"href":"https:\/\/www.exclusive-golf-trolleys.de\/shop\/wp-json\/wp\/v2\/product_brand?post=7165"},{"taxonomy":"product_cat","embeddable":true,"href":"https:\/\/www.exclusive-golf-trolleys.de\/shop\/wp-json\/wp\/v2\/product_cat?post=7165"},{"taxonomy":"product_tag","embeddable":true,"href":"https:\/\/www.exclusive-golf-trolleys.de\/shop\/wp-json\/wp\/v2\/product_tag?post=7165"}],"curies":[{"name":"wp","href":"https:\/\/api.w.org\/{rel}","templated":true}]}}