{"id":4958,"date":"2024-06-04T17:31:38","date_gmt":"2024-06-04T15:31:38","guid":{"rendered":"https:\/\/www.exclusive-golf-trolleys.de\/shop\/?post_type=product&#038;p=4958"},"modified":"2026-01-17T11:35:42","modified_gmt":"2026-01-17T10:35:42","slug":"jucad-carbon-drive-3-0-komplett-set-golftrolley","status":"publish","type":"product","link":"https:\/\/www.exclusive-golf-trolleys.de\/shop\/produkt\/jucad-carbon-drive-3-0-komplett-set-golftrolley\/","title":{"rendered":"JuCad Carbon Drive 3.0 Komplett Set Golftrolley"},"content":{"rendered":"<h2><strong>JuCad Carbon Drive Classic 3.0<\/strong><\/h2>\n<h2><strong>Brandneues Modell 3.0 \/ Bj. 2026<br \/>\nNEU &#8211; Slope Balance Control (SBC\u00ae) f\u00fcr optimalen Hangausgleich um immer in der Spur zu bleiben<br \/>\n<\/strong><strong>Angebot inkl. kompletten Zubeh\u00f6rpaket:<\/strong><\/h2>\n<ul>\n<li><strong>JuCad Scorekartenhalter in Schwarz<br \/>\nJuCad Griff- u. K\u00e4lteschutz 2.tlg.<br \/>\nJuCad Transporttasche mit Teleskopgriff und Rollen<br \/>\nJuCad Golfschirm mit 99% UV-Protection<\/strong><\/li>\n<\/ul>\n<p>Der JuCad Carbon Drive 3.0 mit seiner einzigartigen, leicht schwarz schimmernden 3 K Carbon Oberfl\u00e4che zeichnet sich durch seine<br \/>\nbedienerfreundliche Technik und hochwertige Verarbeitung aus.<br \/>\nDurch die elegante Linienf\u00fchrung ohne sichtbare Kabel, Akkus und Motoren wirkt der JuCad Carbon Drive 3.0 mit Vollcarbonrahmen<br \/>\nso anmutig wie ein Golftrolley ohne Antrieb.<br \/>\nDas intelligente Technikpaket 3.0 sorgt f\u00fcr hohen Fahrkomfort und beinhaltet 2 leise Brushless Motoren mit einer beidseitigen<br \/>\nelektronischen Parkbremse f\u00fcr sicheren Halt selbst auf steilstem Gel\u00e4nde.<br \/>\n<strong><span style=\"color: #ff0000;\">NEU<\/span> 3.0\u00a0 &#8211; Slope Balance Control (SBC\u00ae) f\u00fcr optimalen Hangausgleich um immer in der Spur zu bleiben<\/strong><br \/>\nSehr praktisch mit Magnetstecker und einer integrierten Ladestandanzeige.<br \/>\nMit nur 5,5 kg ist das Carbon Leichtgewicht ein absoluter Spitzenreiter unter den Elektrotrolleys!<br \/>\nDennoch gibt es bei diesem JuCad Carbon Modell keine Gewichtsbegrenzung f\u00fcr ihr Golfbag.<br \/>\nMit dem stufenlosen Drehgriff setzt sich der Golftrolley in Bewegung und bietet durch die bew\u00e4hrte JuCad Technik erstklassigen Fahrkomfort.<br \/>\nDer kraftvolle Traktionsantrieb auf beiden R\u00e4dern kann so auch auf bergigen Golfpl\u00e4tzen sein K\u00f6nnen unter Beweis stellen.<br \/>\nNach der Golfrunde ist der JuCad Carbon Drive 3.0 mit wenigen Handgriffen schnell und flach zerlegt und kann ganz bequem in ihrer Caddybox<br \/>\noder im Kofferraum verstaut werden.<\/p>\n<p><strong>Technische Details:<\/strong><\/p>\n<ul>\n<li>Integriertes Technikpaket 3.0 mit beidseitiger elektronischer Parkbremse, Brushless Motoren, Magnetstecker und Ladestandanzeige<br \/>\n<strong><span style=\"color: #ff0000;\">NEU<\/span> &#8211; Slope Balance Control (SBC\u00ae) f\u00fcr optimalen Hangausgleich um immer in der Spur zu<\/strong> bleiben<\/li>\n<li>48V Antriebssystem<\/li>\n<li>Stufenloser Gasgriff f\u00fcr eine einfache Bedienung<\/li>\n<li>Schirmhalterung f\u00fcr ihren JuCad Golfschirm<\/li>\n<li>Stufenlos h\u00f6henverstellbare Griffstange<\/li>\n<li>Klapp- und drehbare Bagauflage oben und unten, passend f\u00fcr nahezu alle Golfbags<\/li>\n<li>Leichtes Ziehen und Schieben auch ohne Akku m\u00f6glich, einfach den Drehschalter auf N stellen<\/li>\n<li>Automatische Vorlauffunktion (Distanzgeber 10-20-30 Meter)<\/li>\n<li>Elektronische Bergbremse (Tempomat)<\/li>\n<li>Elektronische Parkbremse, verhindert ein unbeabsichtigtes wegrollen selbst an steilen H\u00e4ngen<\/li>\n<li>Keine sichtbaren Kabel, Akkus und Motoren<\/li>\n<li>Lithium-Hochleistungsakku bis zu 45 Loch mit kleinem Schnellladeger\u00e4t \u2013 getestet, gepr\u00fcft und nach UN-Transporttest BU-202100303-B1 zertifiziert<\/li>\n<li>Extrem stabile Leichtlaufr\u00e4der<\/li>\n<li>Reifen mit Luftpolsterfederung, Reifenbelag jederzeit wechselbar<\/li>\n<li>Verschiedene Felgen- und Reifenfarben ohne Aufpreis<\/li>\n<li>Leicht und flach zusammenlegbares Packma\u00df: 65x60x10 cm<\/li>\n<li>Vollcarbon-Rahmen mit 6 Jahren Garantie<\/li>\n<li>Gewicht Rahmen und R\u00e4der nur 5,5 kg<\/li>\n<li>Optional mit JuCad Fernsteuerung, die auch jederzeit nachger\u00fcstet werden kann (Aufpreis 399 Euro)<\/li>\n<\/ul>\n","protected":false},"excerpt":{"rendered":"<h2><strong>JuCad Carbon Drive Classic 3.0<\/strong><\/h2>\n<h2><strong>Brandneues Modell 3.0 \/ Bj. 2026<br \/>\nNEU &#8211; Slope Balance Control (SBC\u00ae) f\u00fcr optimalen Hangausgleich um immer in der Spur zu bleiben<br \/>\n<\/strong><strong>Angebot inkl. kompletten Zubeh\u00f6rpaket,<\/strong><\/h2>\n","protected":false},"featured_media":6799,"comment_status":"open","ping_status":"closed","template":"","meta":{"ocean_post_layout":"","ocean_both_sidebars_style":"","ocean_both_sidebars_content_width":0,"ocean_both_sidebars_sidebars_width":0,"ocean_sidebar":"0","ocean_second_sidebar":"0","ocean_disable_margins":"enable","ocean_add_body_class":"","ocean_shortcode_before_top_bar":"","ocean_shortcode_after_top_bar":"","ocean_shortcode_before_header":"","ocean_shortcode_after_header":"","ocean_has_shortcode":"","ocean_shortcode_after_title":"","ocean_shortcode_before_footer_widgets":"","ocean_shortcode_after_footer_widgets":"","ocean_shortcode_before_footer_bottom":"","ocean_shortcode_after_footer_bottom":"","ocean_display_top_bar":"default","ocean_display_header":"default","ocean_header_style":"","ocean_center_header_left_menu":"0","ocean_custom_header_template":"0","ocean_custom_logo":0,"ocean_custom_retina_logo":0,"ocean_custom_logo_max_width":0,"ocean_custom_logo_tablet_max_width":0,"ocean_custom_logo_mobile_max_width":0,"ocean_custom_logo_max_height":0,"ocean_custom_logo_tablet_max_height":0,"ocean_custom_logo_mobile_max_height":0,"ocean_header_custom_menu":"0","ocean_menu_typo_font_family":"0","ocean_menu_typo_font_subset":"","ocean_menu_typo_font_size":0,"ocean_menu_typo_font_size_tablet":0,"ocean_menu_typo_font_size_mobile":0,"ocean_menu_typo_font_size_unit":"px","ocean_menu_typo_font_weight":"","ocean_menu_typo_font_weight_tablet":"","ocean_menu_typo_font_weight_mobile":"","ocean_menu_typo_transform":"","ocean_menu_typo_transform_tablet":"","ocean_menu_typo_transform_mobile":"","ocean_menu_typo_line_height":0,"ocean_menu_typo_line_height_tablet":0,"ocean_menu_typo_line_height_mobile":0,"ocean_menu_typo_line_height_unit":"","ocean_menu_typo_spacing":0,"ocean_menu_typo_spacing_tablet":0,"ocean_menu_typo_spacing_mobile":0,"ocean_menu_typo_spacing_unit":"","ocean_menu_link_color":"","ocean_menu_link_color_hover":"","ocean_menu_link_color_active":"","ocean_menu_link_background":"","ocean_menu_link_hover_background":"","ocean_menu_link_active_background":"","ocean_menu_social_links_bg":"","ocean_menu_social_hover_links_bg":"","ocean_menu_social_links_color":"","ocean_menu_social_hover_links_color":"","ocean_disable_title":"default","ocean_disable_heading":"default","ocean_post_title":"","ocean_post_subheading":"","ocean_post_title_style":"","ocean_post_title_background_color":"","ocean_post_title_background":0,"ocean_post_title_bg_image_position":"","ocean_post_title_bg_image_attachment":"","ocean_post_title_bg_image_repeat":"","ocean_post_title_bg_image_size":"","ocean_post_title_height":0,"ocean_post_title_bg_overlay":0.5,"ocean_post_title_bg_overlay_color":"","ocean_disable_breadcrumbs":"default","ocean_breadcrumbs_color":"","ocean_breadcrumbs_separator_color":"","ocean_breadcrumbs_links_color":"","ocean_breadcrumbs_links_hover_color":"","ocean_display_footer_widgets":"default","ocean_display_footer_bottom":"default","ocean_custom_footer_template":"0","omw_enable_modal_window":"enable","osh_disable_topbar_sticky":"default","osh_disable_header_sticky":"default","osh_sticky_header_style":"default","osh_sticky_header_effect":"","osh_custom_sticky_logo":0,"osh_custom_retina_sticky_logo":0,"osh_custom_sticky_logo_height":0,"osh_background_color":"","osh_links_color":"","osh_links_hover_color":"","osh_links_active_color":"","osh_links_bg_color":"","osh_links_hover_bg_color":"","osh_links_active_bg_color":"","osh_menu_social_links_color":"","osh_menu_social_hover_links_color":""},"product_brand":[1034],"product_cat":[58,44,62,15],"product_tag":[1121,1120,1092],"class_list":{"0":"post-4958","1":"product","2":"type-product","3":"status-publish","4":"has-post-thumbnail","6":"product_brand-jucad","7":"product_cat-jucad","8":"product_cat-golftrolleys","9":"product_cat-jucad-carbon-golftrolleys","10":"product_cat-zubehoer","11":"product_tag-jucad-carbon-3-0","12":"product_tag-jucad-carbon-drive-3-0","13":"product_tag-jucad-carbon-drive-classic-3-0","14":"tm-no-options","16":"entry","17":"has-media","19":"first","20":"instock","21":"sale","22":"taxable","23":"shipping-taxable","24":"purchasable","25":"product-type-simple","26":"col","27":"span_1_of_3","28":"owp-content-center","29":"owp-thumbs-layout-horizontal","30":"owp-btn-normal","31":"owp-tabs-layout-horizontal","32":"circle-sale"},"_links":{"self":[{"href":"https:\/\/www.exclusive-golf-trolleys.de\/shop\/wp-json\/wp\/v2\/product\/4958","targetHints":{"allow":["GET"]}}],"collection":[{"href":"https:\/\/www.exclusive-golf-trolleys.de\/shop\/wp-json\/wp\/v2\/product"}],"about":[{"href":"https:\/\/www.exclusive-golf-trolleys.de\/shop\/wp-json\/wp\/v2\/types\/product"}],"replies":[{"embeddable":true,"href":"https:\/\/www.exclusive-golf-trolleys.de\/shop\/wp-json\/wp\/v2\/comments?post=4958"}],"wp:featuredmedia":[{"embeddable":true,"href":"https:\/\/www.exclusive-golf-trolleys.de\/shop\/wp-json\/wp\/v2\/media\/6799"}],"wp:attachment":[{"href":"https:\/\/www.exclusive-golf-trolleys.de\/shop\/wp-json\/wp\/v2\/media?parent=4958"}],"wp:term":[{"taxonomy":"product_brand","embeddable":true,"href":"https:\/\/www.exclusive-golf-trolleys.de\/shop\/wp-json\/wp\/v2\/product_brand?post=4958"},{"taxonomy":"product_cat","embeddable":true,"href":"https:\/\/www.exclusive-golf-trolleys.de\/shop\/wp-json\/wp\/v2\/product_cat?post=4958"},{"taxonomy":"product_tag","embeddable":true,"href":"https:\/\/www.exclusive-golf-trolleys.de\/shop\/wp-json\/wp\/v2\/product_tag?post=4958"}],"curies":[{"name":"wp","href":"https:\/\/api.w.org\/{rel}","templated":true}]}}