{"id":4284,"date":"2023-09-19T10:46:04","date_gmt":"2023-09-19T08:46:04","guid":{"rendered":"https:\/\/www.exclusive-golf-trolleys.de\/shop\/?post_type=product&#038;p=4284"},"modified":"2026-04-29T10:09:53","modified_gmt":"2026-04-29T08:09:53","slug":"klickfix-roomy-fuer-jucad-und-justar-golftrolleys","status":"publish","type":"product","link":"https:\/\/www.exclusive-golf-trolleys.de\/shop\/produkt\/klickfix-roomy-fuer-jucad-und-justar-golftrolleys\/","title":{"rendered":"KLICKfix Roomy f\u00fcr JuCad und JuStar Golftrolleys"},"content":{"rendered":"<p><strong>KLICKfix Roomy f\u00fcr JuCad und JuStar Golftrolleys<br \/>\n<\/strong>Perfekt passend f\u00fcr alle unsere JuCad JuStar Golftrolleys<strong><br \/>\n<\/strong>Wirkt optisch wie eine kompakte Handtasche mit viel Platz f\u00fcr Alles.<strong><br \/>\n<\/strong><\/p>\n<p>Ein weiteres Ergebnis einer Kooperation zweier starker Marken, KLICKfix und Reisenthel<\/p>\n<p>Praktischer KLICKfix Reisenthel Einkaufs- Umh\u00e4nge- Golftrolley Tasche in vielen verschieden neuen Designs.<br \/>\n\u2013 mit KLICKfix Kupplung f\u00fcr Golftrolley- &#8222;Caddy&#8220; oder am Fahrradlenker mit &#8222;Lenker&#8220; Adapter.<\/p>\n<p>Die KLICKfix Adapter Platte wird unter einer textilen Abdeckung im passenden Design verborgen.<\/p>\n<p>Die neue, schicke Roomy von Reisenthel mit dem markanten Design, ausger\u00fcstet mit der Kupplung f\u00fcr den KLICKfix Caddy- Lenkeradapter.<br \/>\nZum Golfen, Schoppen oder Ausflug, hier findet jeder ein passendes Dekor ob zum Golfen oder auch f\u00fcr den Radausflug.<\/p>\n<p>Mit dem Rei\u00dfverschluss wird die Tasche ruckzuck sicher geschlossen.<br \/>\nHandy, Schl\u00fcssel &amp; andere Utensilien finden Ihren Platz in den praktischen Extraf\u00e4chern mit Rei\u00dfverschl\u00fcssen.<br \/>\nWenn die Tasche mal l\u00e4nger verstaut werden muss, l\u00e4sst er sich einfach und schnell flach zusammenlegen.<\/p>\n<p>Mit KLICKfix Kupplung f\u00fcr ihren Golftrolley Caddy oder mit dem Fahrradlenker Adapter Lenker.<\/p>\n<p>-passend f\u00fcr die KLICKfix Adapter Caddy oder Lenker<br \/>\n-abnehmbarer Schultergurt<br \/>\n-2 Textile Tragegriffe<br \/>\n-abgesetzter Kragen mit Tragegriffen und Rei\u00dfverschluss<br \/>\n&#8211; 2 integrierte Flaschenhalter<br \/>\n-2 Rei\u00dfverschlusstaschen innen<br \/>\n-Innentasche mit Rei\u00dfverschluss<br \/>\n-Formstabile Ausf\u00fchrung<br \/>\n-belastbar bis 3 kg<\/p>\n<p>Art.-Nr.: 0372DO (wie abgebildet)<br \/>\nMa\u00dfe (H\u00f6he x L\u00e4nge x Breite): 24cm x 22cm x 13cm<br \/>\nGewicht: 630 g<br \/>\nVolumen: 4 l<br \/>\nMax Belastung\/Zuladung: 3 kg max.<br \/>\nFarben: Schwarz + Grau und in weiteren 5 anderen tollen Designs (siehe unter Optionen)<\/p>\n<p>Einfache Selbstmontage an ihrem JuCad \/ JuStar Golftrolley oder an ihrem Fahrrad m\u00f6glich.<br \/>\nBen\u00f6tigtes Werkzeug f\u00fcr die Adaptermontage: Kreuzschraubendreher mittelgro\u00df<\/p>\n<p><strong>HINWEIS:<\/strong><br \/>\nDie KLICKfix Reisenthel Roomy wird ohne den KLICKfix Adapter Caddy geliefert.<br \/>\nBitte gleich hier unter Option mitbestellen.<br \/>\nArtikelnummer: 0211CA<\/p>\n<p>Die KLICKfix Reisenthel Roomy wird ohne den KLICKfix Adapter Lenker f\u00fcr Fahrr\u00e4der geliefert.<br \/>\nBitte gleich hier unter Option mitbestellen.<br \/>\nArtikelnummer: 0211VO<\/p>\n","protected":false},"excerpt":{"rendered":"<p>KLICKfix Roomy passt perfekt zu ihrem JuCad JuStar<br \/>\nGolfen und Schoppen mit nur einer Handtasche.<br \/>\nEinfache Selbstmontage<\/p>\n","protected":false},"featured_media":4439,"comment_status":"open","ping_status":"closed","template":"","meta":{"ocean_post_layout":"","ocean_both_sidebars_style":"","ocean_both_sidebars_content_width":0,"ocean_both_sidebars_sidebars_width":0,"ocean_sidebar":"0","ocean_second_sidebar":"0","ocean_disable_margins":"enable","ocean_add_body_class":"","ocean_shortcode_before_top_bar":"","ocean_shortcode_after_top_bar":"","ocean_shortcode_before_header":"","ocean_shortcode_after_header":"","ocean_has_shortcode":"","ocean_shortcode_after_title":"","ocean_shortcode_before_footer_widgets":"","ocean_shortcode_after_footer_widgets":"","ocean_shortcode_before_footer_bottom":"","ocean_shortcode_after_footer_bottom":"","ocean_display_top_bar":"default","ocean_display_header":"default","ocean_header_style":"","ocean_center_header_left_menu":"0","ocean_custom_header_template":"0","ocean_custom_logo":0,"ocean_custom_retina_logo":0,"ocean_custom_logo_max_width":0,"ocean_custom_logo_tablet_max_width":0,"ocean_custom_logo_mobile_max_width":0,"ocean_custom_logo_max_height":0,"ocean_custom_logo_tablet_max_height":0,"ocean_custom_logo_mobile_max_height":0,"ocean_header_custom_menu":"0","ocean_menu_typo_font_family":"0","ocean_menu_typo_font_subset":"","ocean_menu_typo_font_size":0,"ocean_menu_typo_font_size_tablet":0,"ocean_menu_typo_font_size_mobile":0,"ocean_menu_typo_font_size_unit":"px","ocean_menu_typo_font_weight":"","ocean_menu_typo_font_weight_tablet":"","ocean_menu_typo_font_weight_mobile":"","ocean_menu_typo_transform":"","ocean_menu_typo_transform_tablet":"","ocean_menu_typo_transform_mobile":"","ocean_menu_typo_line_height":0,"ocean_menu_typo_line_height_tablet":0,"ocean_menu_typo_line_height_mobile":0,"ocean_menu_typo_line_height_unit":"","ocean_menu_typo_spacing":0,"ocean_menu_typo_spacing_tablet":0,"ocean_menu_typo_spacing_mobile":0,"ocean_menu_typo_spacing_unit":"","ocean_menu_link_color":"","ocean_menu_link_color_hover":"","ocean_menu_link_color_active":"","ocean_menu_link_background":"","ocean_menu_link_hover_background":"","ocean_menu_link_active_background":"","ocean_menu_social_links_bg":"","ocean_menu_social_hover_links_bg":"","ocean_menu_social_links_color":"","ocean_menu_social_hover_links_color":"","ocean_disable_title":"default","ocean_disable_heading":"default","ocean_post_title":"","ocean_post_subheading":"","ocean_post_title_style":"","ocean_post_title_background_color":"","ocean_post_title_background":0,"ocean_post_title_bg_image_position":"","ocean_post_title_bg_image_attachment":"","ocean_post_title_bg_image_repeat":"","ocean_post_title_bg_image_size":"","ocean_post_title_height":0,"ocean_post_title_bg_overlay":0.5,"ocean_post_title_bg_overlay_color":"","ocean_disable_breadcrumbs":"default","ocean_breadcrumbs_color":"","ocean_breadcrumbs_separator_color":"","ocean_breadcrumbs_links_color":"","ocean_breadcrumbs_links_hover_color":"","ocean_display_footer_widgets":"default","ocean_display_footer_bottom":"default","ocean_custom_footer_template":"0","omw_enable_modal_window":"enable","osh_disable_topbar_sticky":"default","osh_disable_header_sticky":"default","osh_sticky_header_style":"default","osh_sticky_header_effect":"","osh_custom_sticky_logo":0,"osh_custom_retina_sticky_logo":0,"osh_custom_sticky_logo_height":0,"osh_background_color":"","osh_links_color":"","osh_links_hover_color":"","osh_links_active_color":"","osh_links_bg_color":"","osh_links_hover_bg_color":"","osh_links_active_bg_color":"","osh_menu_social_links_color":"","osh_menu_social_hover_links_color":""},"product_brand":[1035],"product_cat":[15,70,653,436],"product_tag":[78,73,439,786,84],"class_list":{"0":"post-4284","1":"product","2":"type-product","3":"status-publish","4":"has-post-thumbnail","6":"product_brand-klickfix","7":"product_cat-zubehoer","8":"product_cat-golfartikel-golfprodukte","9":"product_cat-klickfix","10":"product_cat-zubehoer-fremdhersteller","11":"product_tag-jucad","12":"product_tag-justar","13":"product_tag-klickfix","14":"product_tag-klickfix-roomy","15":"product_tag-schwarz","16":"tm-has-options","18":"entry","19":"has-media","21":"first","22":"instock","23":"sale","24":"taxable","25":"shipping-taxable","26":"purchasable","27":"product-type-simple","28":"col","29":"span_1_of_3","30":"owp-content-center","31":"owp-thumbs-layout-horizontal","32":"owp-btn-normal","33":"owp-tabs-layout-horizontal","34":"circle-sale"},"_links":{"self":[{"href":"https:\/\/www.exclusive-golf-trolleys.de\/shop\/wp-json\/wp\/v2\/product\/4284","targetHints":{"allow":["GET"]}}],"collection":[{"href":"https:\/\/www.exclusive-golf-trolleys.de\/shop\/wp-json\/wp\/v2\/product"}],"about":[{"href":"https:\/\/www.exclusive-golf-trolleys.de\/shop\/wp-json\/wp\/v2\/types\/product"}],"replies":[{"embeddable":true,"href":"https:\/\/www.exclusive-golf-trolleys.de\/shop\/wp-json\/wp\/v2\/comments?post=4284"}],"wp:featuredmedia":[{"embeddable":true,"href":"https:\/\/www.exclusive-golf-trolleys.de\/shop\/wp-json\/wp\/v2\/media\/4439"}],"wp:attachment":[{"href":"https:\/\/www.exclusive-golf-trolleys.de\/shop\/wp-json\/wp\/v2\/media?parent=4284"}],"wp:term":[{"taxonomy":"product_brand","embeddable":true,"href":"https:\/\/www.exclusive-golf-trolleys.de\/shop\/wp-json\/wp\/v2\/product_brand?post=4284"},{"taxonomy":"product_cat","embeddable":true,"href":"https:\/\/www.exclusive-golf-trolleys.de\/shop\/wp-json\/wp\/v2\/product_cat?post=4284"},{"taxonomy":"product_tag","embeddable":true,"href":"https:\/\/www.exclusive-golf-trolleys.de\/shop\/wp-json\/wp\/v2\/product_tag?post=4284"}],"curies":[{"name":"wp","href":"https:\/\/api.w.org\/{rel}","templated":true}]}}