{"id":3809,"date":"2023-02-13T16:27:42","date_gmt":"2023-02-13T15:27:42","guid":{"rendered":"https:\/\/www.exclusive-golf-trolleys.de\/shop\/?post_type=product&#038;p=3809"},"modified":"2026-03-27T18:15:25","modified_gmt":"2026-03-27T17:15:25","slug":"jucad-felgen-ghost-mit-reifen","status":"publish","type":"product","link":"https:\/\/www.exclusive-golf-trolleys.de\/shop\/produkt\/jucad-felgen-ghost-mit-reifen\/","title":{"rendered":"JuCad Felgen Ghost mit Reifen"},"content":{"rendered":"<p><strong>JuCad Felgen Ghost mit Reifen<\/strong><br \/>\nKompletter JuCad Ghost Felgensatz: 3-tlg., 1 Vorderrad + 2 Antriebs- \/ Hinterr\u00e4der mit Reifen.<br \/>\nFelgen u. Reifen nach Wahl inkl. Montage sind im Preis bereits enthalten.<\/p>\n<p><strong>Hinweis: Diese Felgen sind mit allen Golftrolleys von JuCad und JuStar 100% kompatibel.<\/strong><br \/>\nVersch\u00f6nern sie ihren eigenen Trolley so wie ihr Auto mit sch\u00f6nen neuen und au\u00dfergew\u00f6hnlichen JuCad Ghost Felgen.<\/p>\n<p>Die exklusiven JuCad Ghost Zweispeichen-Felgen sind in 9 sch\u00f6nen Farbvarianten passend zu den exklusiven JuCad Golftrolleys<br \/>\nsowie passend zu vielen unserer exklusiven JuCad Golfbags erh\u00e4ltlich.<br \/>\nBitte w\u00e4hlen sie vor ihren Bestellung unbedingt f\u00fcr manuellen Golftrolley Elektro Golftrolley aus.<\/p>\n<p>W\u00e4hlen Sie jetzt Ihre Lieblingsfarbe aus und bestellen Sie gleich Ihren neue JuCad Felgensatz Ghost.<br \/>\nDie jeweils farbig passenden Reifen dazu finden sie ebenfalls unter Optionen.<br \/>\nBesser; einfach gleich als fertiges Felgen-\/Reifen-Set in Wunschfarbe bestellen, montieren und los geht`s auf die n\u00e4chste Golfrunde.<\/p>\n<p><strong>Freddy`s Customizing:<\/strong><br \/>\nIhre Lieblingsfarbe ist nicht dabei? Keine unserer angeboten Standard Ghost Felgenfarben passt zu ihrem neuen Golfbag.<br \/>\nKein Problem, gerne lackieren wir ihnen ihre Ghost Felgen in jeder beliebigen Farbe.<br \/>\nBitte rufen sie uns dazu an, wir beraten sie gerne ausf\u00fchrlich.<\/p>\n","protected":false},"excerpt":{"rendered":"<p>JuCad Ghost Felgensatz, einzigartiges Design in 9 Farben.<br \/>\nGerne lackieren wir auch ihre eigenen Ghost Felgen in ihrer Wunschfarbe.<br \/>\nHierzu bitte um Anfrage an unser Customizing Team.<\/p>\n","protected":false},"featured_media":3810,"comment_status":"open","ping_status":"closed","template":"","meta":{"ocean_post_layout":"","ocean_both_sidebars_style":"","ocean_both_sidebars_content_width":0,"ocean_both_sidebars_sidebars_width":0,"ocean_sidebar":"0","ocean_second_sidebar":"0","ocean_disable_margins":"enable","ocean_add_body_class":"","ocean_shortcode_before_top_bar":"","ocean_shortcode_after_top_bar":"","ocean_shortcode_before_header":"","ocean_shortcode_after_header":"","ocean_has_shortcode":"","ocean_shortcode_after_title":"","ocean_shortcode_before_footer_widgets":"","ocean_shortcode_after_footer_widgets":"","ocean_shortcode_before_footer_bottom":"","ocean_shortcode_after_footer_bottom":"","ocean_display_top_bar":"default","ocean_display_header":"default","ocean_header_style":"","ocean_center_header_left_menu":"0","ocean_custom_header_template":"0","ocean_custom_logo":0,"ocean_custom_retina_logo":0,"ocean_custom_logo_max_width":0,"ocean_custom_logo_tablet_max_width":0,"ocean_custom_logo_mobile_max_width":0,"ocean_custom_logo_max_height":0,"ocean_custom_logo_tablet_max_height":0,"ocean_custom_logo_mobile_max_height":0,"ocean_header_custom_menu":"0","ocean_menu_typo_font_family":"0","ocean_menu_typo_font_subset":"","ocean_menu_typo_font_size":0,"ocean_menu_typo_font_size_tablet":0,"ocean_menu_typo_font_size_mobile":0,"ocean_menu_typo_font_size_unit":"px","ocean_menu_typo_font_weight":"","ocean_menu_typo_font_weight_tablet":"","ocean_menu_typo_font_weight_mobile":"","ocean_menu_typo_transform":"","ocean_menu_typo_transform_tablet":"","ocean_menu_typo_transform_mobile":"","ocean_menu_typo_line_height":0,"ocean_menu_typo_line_height_tablet":0,"ocean_menu_typo_line_height_mobile":0,"ocean_menu_typo_line_height_unit":"","ocean_menu_typo_spacing":0,"ocean_menu_typo_spacing_tablet":0,"ocean_menu_typo_spacing_mobile":0,"ocean_menu_typo_spacing_unit":"","ocean_menu_link_color":"","ocean_menu_link_color_hover":"","ocean_menu_link_color_active":"","ocean_menu_link_background":"","ocean_menu_link_hover_background":"","ocean_menu_link_active_background":"","ocean_menu_social_links_bg":"","ocean_menu_social_hover_links_bg":"","ocean_menu_social_links_color":"","ocean_menu_social_hover_links_color":"","ocean_disable_title":"default","ocean_disable_heading":"default","ocean_post_title":"","ocean_post_subheading":"","ocean_post_title_style":"","ocean_post_title_background_color":"","ocean_post_title_background":0,"ocean_post_title_bg_image_position":"","ocean_post_title_bg_image_attachment":"","ocean_post_title_bg_image_repeat":"","ocean_post_title_bg_image_size":"","ocean_post_title_height":0,"ocean_post_title_bg_overlay":0.5,"ocean_post_title_bg_overlay_color":"","ocean_disable_breadcrumbs":"default","ocean_breadcrumbs_color":"","ocean_breadcrumbs_separator_color":"","ocean_breadcrumbs_links_color":"","ocean_breadcrumbs_links_hover_color":"","ocean_display_footer_widgets":"default","ocean_display_footer_bottom":"default","ocean_custom_footer_template":"0","omw_enable_modal_window":"enable","osh_disable_topbar_sticky":"default","osh_disable_header_sticky":"default","osh_sticky_header_style":"default","osh_sticky_header_effect":"","osh_custom_sticky_logo":0,"osh_custom_retina_sticky_logo":0,"osh_custom_sticky_logo_height":0,"osh_background_color":"","osh_links_color":"","osh_links_hover_color":"","osh_links_active_color":"","osh_links_bg_color":"","osh_links_hover_bg_color":"","osh_links_active_bg_color":"","osh_menu_social_links_color":"","osh_menu_social_hover_links_color":""},"product_brand":[1034],"product_cat":[15,44,58],"product_tag":[81,400,106,165,942,94,78,682,943,941,97,93,83,674,676,82],"class_list":{"0":"post-3809","1":"product","2":"type-product","3":"status-publish","4":"has-post-thumbnail","6":"product_brand-jucad","7":"product_cat-zubehoer","8":"product_cat-golftrolleys","9":"product_cat-jucad","10":"product_tag-blau","11":"product_tag-felgensatz","12":"product_tag-gelb","13":"product_tag-ghost","14":"product_tag-ghost-felgen","15":"product_tag-gruen","16":"product_tag-jucad","17":"product_tag-jucad-felgen-ghost","18":"product_tag-jucad-ghost","19":"product_tag-jucad-ghost-felgen","20":"product_tag-orange","21":"product_tag-pink","22":"product_tag-rot","23":"product_tag-schwarz-matt","24":"product_tag-titan-matt","25":"product_tag-weiss","26":"tm-has-options","28":"entry","29":"has-media","31":"first","32":"instock","33":"sale","34":"taxable","35":"shipping-taxable","36":"purchasable","37":"product-type-simple","38":"col","39":"span_1_of_3","40":"owp-content-center","41":"owp-thumbs-layout-horizontal","42":"owp-btn-normal","43":"owp-tabs-layout-horizontal","44":"circle-sale"},"_links":{"self":[{"href":"https:\/\/www.exclusive-golf-trolleys.de\/shop\/wp-json\/wp\/v2\/product\/3809","targetHints":{"allow":["GET"]}}],"collection":[{"href":"https:\/\/www.exclusive-golf-trolleys.de\/shop\/wp-json\/wp\/v2\/product"}],"about":[{"href":"https:\/\/www.exclusive-golf-trolleys.de\/shop\/wp-json\/wp\/v2\/types\/product"}],"replies":[{"embeddable":true,"href":"https:\/\/www.exclusive-golf-trolleys.de\/shop\/wp-json\/wp\/v2\/comments?post=3809"}],"wp:featuredmedia":[{"embeddable":true,"href":"https:\/\/www.exclusive-golf-trolleys.de\/shop\/wp-json\/wp\/v2\/media\/3810"}],"wp:attachment":[{"href":"https:\/\/www.exclusive-golf-trolleys.de\/shop\/wp-json\/wp\/v2\/media?parent=3809"}],"wp:term":[{"taxonomy":"product_brand","embeddable":true,"href":"https:\/\/www.exclusive-golf-trolleys.de\/shop\/wp-json\/wp\/v2\/product_brand?post=3809"},{"taxonomy":"product_cat","embeddable":true,"href":"https:\/\/www.exclusive-golf-trolleys.de\/shop\/wp-json\/wp\/v2\/product_cat?post=3809"},{"taxonomy":"product_tag","embeddable":true,"href":"https:\/\/www.exclusive-golf-trolleys.de\/shop\/wp-json\/wp\/v2\/product_tag?post=3809"}],"curies":[{"name":"wp","href":"https:\/\/api.w.org\/{rel}","templated":true}]}}