{"id":3529,"date":"2023-01-09T16:16:13","date_gmt":"2023-01-09T15:16:13","guid":{"rendered":"https:\/\/www.exclusive-golf-trolleys.de\/shop\/?post_type=product&#038;p=3529"},"modified":"2025-07-11T19:24:48","modified_gmt":"2025-07-11T17:24:48","slug":"jucad-putter-x100","status":"publish","type":"product","link":"https:\/\/www.exclusive-golf-trolleys.de\/shop\/produkt\/jucad-putter-x100\/","title":{"rendered":"JuCad Putter X100"},"content":{"rendered":"<p><strong>JuCad Putter X100<\/strong><\/p>\n<p>Der edle, mattschwarze JuCad Putter im klassischen Blade-Design besticht durch seine sportliche und elegante Optik.<br \/>\nEr wird einem St\u00fcck pr\u00e4zisionsgefr\u00e4st, die dreifache Linienf\u00fchrung &#8211; speziell die durchgehende rote Visierlinie &#8211; und die matte,<br \/>\nblendfreie Kopf-Kontur unterst\u00fctzt das zielgenaue Ausrichten.<br \/>\nDie gerillte Schlagfl\u00e4che intensiviert den Ballkontakt und bewirkt einen gut in der Distanz dosierbaren geraden Roll des Balls. <\/p>\n<p>Kopfgewicht:      370 g.<br \/>\nPutterl\u00e4ngen in:  32 bis 36 inch<br \/>\nStandardma\u00df:      35 inch<\/p>\n<p><strong>Inklusive JuCad Jumbo-Griff.<\/strong><br \/>\nDas weiche und griffige Material gibt maximale Sicherheit und Komfort auf dem Gr\u00fcn.<br \/>\nPuttergriffe sind in gro\u00dfer Farbauswahl optional erh\u00e4ltlich.<\/p>\n<p>Artikel Nr.: JPX100<br \/>\nwird mit JuCad Standardgriff Jumbo Schwarz geliefert<\/p>\n<p>Die passende Putterl\u00e4nge finden Sie Anhand bestimmter, individueller Faktoren. Ausschlaggebend bei der L\u00e4ngenauswahl sind die K\u00f6rpergr\u00f6\u00dfe, die Griffhaltung<br \/>\nsowie die zur Ziellinie parallele, im Oberk\u00f6rper aus der H\u00fcfte leicht geneigte, Ansprechposition zum unter dem vorderen Auge liegenden Ball.<\/p>\n<p>Orientierungswerte:<\/p>\n<p><strong>K\u00f6rpergr\u00f6\u00dfe     Putterl\u00e4nge inch\u201c\/cm:<\/strong><br \/>\n160 cm         32\u201c\/81,3cm   <\/p>\n<p>170 cm         33\u201c\/84cm              <\/p>\n<p>180 cm         34\u201c\/86,4cm                     <\/p>\n<p>190 cm         35\u201c\/89cm  <\/p>\n","protected":false},"excerpt":{"rendered":"<p>Schaftl\u00e4nge Standard: 35 inch<br \/>\nGriff: Jubmogriff Schwarz<br \/>\n<strong>Farbige Griffe + 15,00 Euro Aufpreis<\/strong><\/p>\n","protected":false},"featured_media":3530,"comment_status":"open","ping_status":"closed","template":"","meta":{"ocean_post_layout":"","ocean_both_sidebars_style":"","ocean_both_sidebars_content_width":0,"ocean_both_sidebars_sidebars_width":0,"ocean_sidebar":"0","ocean_second_sidebar":"0","ocean_disable_margins":"enable","ocean_add_body_class":"","ocean_shortcode_before_top_bar":"","ocean_shortcode_after_top_bar":"","ocean_shortcode_before_header":"","ocean_shortcode_after_header":"","ocean_has_shortcode":"","ocean_shortcode_after_title":"","ocean_shortcode_before_footer_widgets":"","ocean_shortcode_after_footer_widgets":"","ocean_shortcode_before_footer_bottom":"","ocean_shortcode_after_footer_bottom":"","ocean_display_top_bar":"default","ocean_display_header":"default","ocean_header_style":"","ocean_center_header_left_menu":"0","ocean_custom_header_template":"0","ocean_custom_logo":0,"ocean_custom_retina_logo":0,"ocean_custom_logo_max_width":0,"ocean_custom_logo_tablet_max_width":0,"ocean_custom_logo_mobile_max_width":0,"ocean_custom_logo_max_height":0,"ocean_custom_logo_tablet_max_height":0,"ocean_custom_logo_mobile_max_height":0,"ocean_header_custom_menu":"0","ocean_menu_typo_font_family":"0","ocean_menu_typo_font_subset":"","ocean_menu_typo_font_size":0,"ocean_menu_typo_font_size_tablet":0,"ocean_menu_typo_font_size_mobile":0,"ocean_menu_typo_font_size_unit":"px","ocean_menu_typo_font_weight":"","ocean_menu_typo_font_weight_tablet":"","ocean_menu_typo_font_weight_mobile":"","ocean_menu_typo_transform":"","ocean_menu_typo_transform_tablet":"","ocean_menu_typo_transform_mobile":"","ocean_menu_typo_line_height":0,"ocean_menu_typo_line_height_tablet":0,"ocean_menu_typo_line_height_mobile":0,"ocean_menu_typo_line_height_unit":"","ocean_menu_typo_spacing":0,"ocean_menu_typo_spacing_tablet":0,"ocean_menu_typo_spacing_mobile":0,"ocean_menu_typo_spacing_unit":"","ocean_menu_link_color":"","ocean_menu_link_color_hover":"","ocean_menu_link_color_active":"","ocean_menu_link_background":"","ocean_menu_link_hover_background":"","ocean_menu_link_active_background":"","ocean_menu_social_links_bg":"","ocean_menu_social_hover_links_bg":"","ocean_menu_social_links_color":"","ocean_menu_social_hover_links_color":"","ocean_disable_title":"default","ocean_disable_heading":"default","ocean_post_title":"","ocean_post_subheading":"","ocean_post_title_style":"","ocean_post_title_background_color":"","ocean_post_title_background":0,"ocean_post_title_bg_image_position":"","ocean_post_title_bg_image_attachment":"","ocean_post_title_bg_image_repeat":"","ocean_post_title_bg_image_size":"","ocean_post_title_height":0,"ocean_post_title_bg_overlay":0.5,"ocean_post_title_bg_overlay_color":"","ocean_disable_breadcrumbs":"default","ocean_breadcrumbs_color":"","ocean_breadcrumbs_separator_color":"","ocean_breadcrumbs_links_color":"","ocean_breadcrumbs_links_hover_color":"","ocean_display_footer_widgets":"default","ocean_display_footer_bottom":"default","ocean_custom_footer_template":"0","omw_enable_modal_window":"enable","osh_disable_topbar_sticky":"default","osh_disable_header_sticky":"default","osh_sticky_header_style":"default","osh_sticky_header_effect":"","osh_custom_sticky_logo":0,"osh_custom_retina_sticky_logo":0,"osh_custom_sticky_logo_height":0,"osh_background_color":"","osh_links_color":"","osh_links_hover_color":"","osh_links_active_color":"","osh_links_bg_color":"","osh_links_hover_bg_color":"","osh_links_active_bg_color":"","osh_menu_social_links_color":"","osh_menu_social_hover_links_color":""},"product_brand":[1034],"product_cat":[58,15],"product_tag":[78,130,621],"class_list":{"0":"post-3529","1":"product","2":"type-product","3":"status-publish","4":"has-post-thumbnail","6":"product_brand-jucad","7":"product_cat-jucad","8":"product_cat-zubehoer","9":"product_tag-jucad","10":"product_tag-putter","11":"product_tag-x100","12":"tm-has-options","14":"entry","15":"has-media","17":"first","18":"instock","19":"sale","20":"taxable","21":"shipping-taxable","22":"purchasable","23":"product-type-simple","24":"col","25":"span_1_of_3","26":"owp-content-center","27":"owp-thumbs-layout-horizontal","28":"owp-btn-normal","29":"owp-tabs-layout-horizontal","30":"circle-sale"},"_links":{"self":[{"href":"https:\/\/www.exclusive-golf-trolleys.de\/shop\/wp-json\/wp\/v2\/product\/3529","targetHints":{"allow":["GET"]}}],"collection":[{"href":"https:\/\/www.exclusive-golf-trolleys.de\/shop\/wp-json\/wp\/v2\/product"}],"about":[{"href":"https:\/\/www.exclusive-golf-trolleys.de\/shop\/wp-json\/wp\/v2\/types\/product"}],"replies":[{"embeddable":true,"href":"https:\/\/www.exclusive-golf-trolleys.de\/shop\/wp-json\/wp\/v2\/comments?post=3529"}],"wp:featuredmedia":[{"embeddable":true,"href":"https:\/\/www.exclusive-golf-trolleys.de\/shop\/wp-json\/wp\/v2\/media\/3530"}],"wp:attachment":[{"href":"https:\/\/www.exclusive-golf-trolleys.de\/shop\/wp-json\/wp\/v2\/media?parent=3529"}],"wp:term":[{"taxonomy":"product_brand","embeddable":true,"href":"https:\/\/www.exclusive-golf-trolleys.de\/shop\/wp-json\/wp\/v2\/product_brand?post=3529"},{"taxonomy":"product_cat","embeddable":true,"href":"https:\/\/www.exclusive-golf-trolleys.de\/shop\/wp-json\/wp\/v2\/product_cat?post=3529"},{"taxonomy":"product_tag","embeddable":true,"href":"https:\/\/www.exclusive-golf-trolleys.de\/shop\/wp-json\/wp\/v2\/product_tag?post=3529"}],"curies":[{"name":"wp","href":"https:\/\/api.w.org\/{rel}","templated":true}]}}