{"id":3508,"date":"2023-01-08T11:55:57","date_gmt":"2023-01-08T10:55:57","guid":{"rendered":"https:\/\/www.exclusive-golf-trolleys.de\/shop\/?post_type=product&#038;p=3508"},"modified":"2025-12-02T15:19:55","modified_gmt":"2025-12-02T14:19:55","slug":"golf-pride-mcc-plus-4-align","status":"publish","type":"product","link":"https:\/\/www.exclusive-golf-trolleys.de\/shop\/produkt\/golf-pride-mcc-plus-4-align\/","title":{"rendered":"Golf Pride MCC plus 4 ALIGN"},"content":{"rendered":"<p><strong>Golf Pride MCC plus 4 ALIGN Golfgriff<\/strong><br \/>\nDer Golf Pride MCC Plus 4 ALIGN mit 4,6% dickeren Griffbereich f\u00fcr die untere Hand, ist jetzt auch in der ALIGN Variante erh\u00e4ltlich.<br \/>\nDer ALIGN ist der erste Griff mit einer \u00e4u\u00dferlich deutlich eingearbeiteten &#8222;Rippe&#8220; an der Unterseite des Griffs,<br \/>\ndie sich optisch und haptisch vom restlichen Griff unterscheidet.<\/p>\n<p><strong>Hervorragender Golfgriff, der mit Gef\u00fchl und Design voll \u00fcberzeugt!<\/strong><\/p>\n<p>Der Golf Pride MCC (Multi Compound Cord) Plus4 ALIGN Griff erf\u00fcllt allerh\u00f6chste Anspr\u00fcche und ist gerade deswegen bei vielen Tour-Spielern so beliebt.<br \/>\nDer obere Teil des Hybridgriffs besteht aus Golf Pride geb\u00fcrsteter Baumwolle, die einen festen und stabilen Halt in allen Wetterlagen erm\u00f6glicht.<br \/>\nUm das Gef\u00fchl und die Stabilit\u00e4t zu verbessern, wurden der MCC Plus 4 Griff im Vergleich zum herk\u00f6mmlichen MCC-Griff mit einem weicheren Gummi ausgestattet.<\/p>\n<p>Das dickere Plus4-Griffdesign verleiht dem Schl\u00e4ger das Gef\u00fchl, 4 zus\u00e4tzliche Lagen Tape unter dem Gummi zu haben &#8211; f\u00fcr garantiert weichen Griffdruck!<br \/>\nAu\u00dferdem punktet der MCC Plus4 ALIGN mit seiner hochentwickelten ALIGN-Technologie, welche Ihnen w\u00e4hrend des gesamten Schwungs die richtige Handposition erleichtert.<\/p>\n<p>Diese, rot eingef\u00e4rbte Rippe (ALIGN) besteht aus einem 50% festerem Material in &#8222;Micro-Diamond&#8220; Textur.<br \/>\nDie ALIGN Technologie erm\u00f6glicht es dem Spieler die H\u00e4nde besser auszurichten, f\u00fcr wesentlich mehr Konstanz in seinen Schl\u00e4gen.<\/p>\n<p><strong>Spezifikation:<\/strong><br \/>\nModell: Golf Pride MCC Plus 4 ALIGN<br \/>\nGriffst\u00e4rke: Standard<br \/>\nGewicht: 53 Gramm<br \/>\nFarbe: Grau-Rot<\/p>\n<p>Auch als Midsize lieferbar<br \/>\nModell: Golf Pride MCC Plus 4 ALIGN<br \/>\nGriffst\u00e4rke: Midsize<br \/>\nGewicht: 67 Gramm<br \/>\nFarbe: Grau-Rot<\/p>\n","protected":false},"excerpt":{"rendered":"<p><strong><a href=\"https:\/\/www.exclusive-golf-trolleys.de\/shop\/wp-content\/uploads\/Griffwechsel-2024.pdf\">Bitte hier das PDF zum Griffwechsel \u00f6ffnen:<br \/>\nGriffwechsel 2024<\/a><\/strong><\/p>\n<p>Gerne Montage in unserem Shop, 5,00 pro Griff zuz\u00fcgl. Preis f\u00fcr den Griff ihrer Wahl<br \/>\nGriffst\u00e4rke: Herren Standard<br \/>\nFarbe: Grau-Rot<\/p>\n","protected":false},"featured_media":3509,"comment_status":"open","ping_status":"closed","template":"","meta":{"ocean_post_layout":"","ocean_both_sidebars_style":"","ocean_both_sidebars_content_width":0,"ocean_both_sidebars_sidebars_width":0,"ocean_sidebar":"0","ocean_second_sidebar":"0","ocean_disable_margins":"enable","ocean_add_body_class":"","ocean_shortcode_before_top_bar":"","ocean_shortcode_after_top_bar":"","ocean_shortcode_before_header":"","ocean_shortcode_after_header":"","ocean_has_shortcode":"","ocean_shortcode_after_title":"","ocean_shortcode_before_footer_widgets":"","ocean_shortcode_after_footer_widgets":"","ocean_shortcode_before_footer_bottom":"","ocean_shortcode_after_footer_bottom":"","ocean_display_top_bar":"default","ocean_display_header":"default","ocean_header_style":"","ocean_center_header_left_menu":"0","ocean_custom_header_template":"0","ocean_custom_logo":0,"ocean_custom_retina_logo":0,"ocean_custom_logo_max_width":0,"ocean_custom_logo_tablet_max_width":0,"ocean_custom_logo_mobile_max_width":0,"ocean_custom_logo_max_height":0,"ocean_custom_logo_tablet_max_height":0,"ocean_custom_logo_mobile_max_height":0,"ocean_header_custom_menu":"0","ocean_menu_typo_font_family":"0","ocean_menu_typo_font_subset":"","ocean_menu_typo_font_size":0,"ocean_menu_typo_font_size_tablet":0,"ocean_menu_typo_font_size_mobile":0,"ocean_menu_typo_font_size_unit":"px","ocean_menu_typo_font_weight":"","ocean_menu_typo_font_weight_tablet":"","ocean_menu_typo_font_weight_mobile":"","ocean_menu_typo_transform":"","ocean_menu_typo_transform_tablet":"","ocean_menu_typo_transform_mobile":"","ocean_menu_typo_line_height":0,"ocean_menu_typo_line_height_tablet":0,"ocean_menu_typo_line_height_mobile":0,"ocean_menu_typo_line_height_unit":"","ocean_menu_typo_spacing":0,"ocean_menu_typo_spacing_tablet":0,"ocean_menu_typo_spacing_mobile":0,"ocean_menu_typo_spacing_unit":"","ocean_menu_link_color":"","ocean_menu_link_color_hover":"","ocean_menu_link_color_active":"","ocean_menu_link_background":"","ocean_menu_link_hover_background":"","ocean_menu_link_active_background":"","ocean_menu_social_links_bg":"","ocean_menu_social_hover_links_bg":"","ocean_menu_social_links_color":"","ocean_menu_social_hover_links_color":"","ocean_disable_title":"default","ocean_disable_heading":"default","ocean_post_title":"","ocean_post_subheading":"","ocean_post_title_style":"","ocean_post_title_background_color":"","ocean_post_title_background":0,"ocean_post_title_bg_image_position":"","ocean_post_title_bg_image_attachment":"","ocean_post_title_bg_image_repeat":"","ocean_post_title_bg_image_size":"","ocean_post_title_height":0,"ocean_post_title_bg_overlay":0.5,"ocean_post_title_bg_overlay_color":"","ocean_disable_breadcrumbs":"default","ocean_breadcrumbs_color":"","ocean_breadcrumbs_separator_color":"","ocean_breadcrumbs_links_color":"","ocean_breadcrumbs_links_hover_color":"","ocean_display_footer_widgets":"default","ocean_display_footer_bottom":"default","ocean_custom_footer_template":"0","omw_enable_modal_window":"enable","osh_disable_topbar_sticky":"default","osh_disable_header_sticky":"default","osh_sticky_header_style":"default","osh_sticky_header_effect":"","osh_custom_sticky_logo":0,"osh_custom_retina_sticky_logo":0,"osh_custom_sticky_logo_height":0,"osh_background_color":"","osh_links_color":"","osh_links_hover_color":"","osh_links_active_color":"","osh_links_bg_color":"","osh_links_hover_bg_color":"","osh_links_active_bg_color":"","osh_menu_social_links_color":"","osh_menu_social_hover_links_color":""},"product_brand":[1041],"product_cat":[15,618,608],"product_tag":[612,609,585,610,611],"class_list":{"0":"post-3508","1":"product","2":"type-product","3":"status-publish","4":"has-post-thumbnail","6":"product_brand-golf-pride","7":"product_cat-zubehoer","8":"product_cat-golfgriffe-schlaegergriffe-puttergriffe","9":"product_cat-schlaegergriffe-golf-pride","10":"product_tag-align","11":"product_tag-golf-pride","12":"product_tag-grau-rot","13":"product_tag-mcc","14":"product_tag-plus-4","15":"tm-no-options","17":"entry","18":"has-media","20":"first","21":"instock","22":"sale","23":"taxable","24":"shipping-taxable","25":"purchasable","26":"product-type-simple","27":"col","28":"span_1_of_3","29":"owp-content-center","30":"owp-thumbs-layout-horizontal","31":"owp-btn-normal","32":"owp-tabs-layout-horizontal","33":"circle-sale"},"_links":{"self":[{"href":"https:\/\/www.exclusive-golf-trolleys.de\/shop\/wp-json\/wp\/v2\/product\/3508","targetHints":{"allow":["GET"]}}],"collection":[{"href":"https:\/\/www.exclusive-golf-trolleys.de\/shop\/wp-json\/wp\/v2\/product"}],"about":[{"href":"https:\/\/www.exclusive-golf-trolleys.de\/shop\/wp-json\/wp\/v2\/types\/product"}],"replies":[{"embeddable":true,"href":"https:\/\/www.exclusive-golf-trolleys.de\/shop\/wp-json\/wp\/v2\/comments?post=3508"}],"wp:featuredmedia":[{"embeddable":true,"href":"https:\/\/www.exclusive-golf-trolleys.de\/shop\/wp-json\/wp\/v2\/media\/3509"}],"wp:attachment":[{"href":"https:\/\/www.exclusive-golf-trolleys.de\/shop\/wp-json\/wp\/v2\/media?parent=3508"}],"wp:term":[{"taxonomy":"product_brand","embeddable":true,"href":"https:\/\/www.exclusive-golf-trolleys.de\/shop\/wp-json\/wp\/v2\/product_brand?post=3508"},{"taxonomy":"product_cat","embeddable":true,"href":"https:\/\/www.exclusive-golf-trolleys.de\/shop\/wp-json\/wp\/v2\/product_cat?post=3508"},{"taxonomy":"product_tag","embeddable":true,"href":"https:\/\/www.exclusive-golf-trolleys.de\/shop\/wp-json\/wp\/v2\/product_tag?post=3508"}],"curies":[{"name":"wp","href":"https:\/\/api.w.org\/{rel}","templated":true}]}}