{"id":3506,"date":"2023-01-06T17:23:14","date_gmt":"2023-01-06T16:23:14","guid":{"rendered":"https:\/\/www.exclusive-golf-trolleys.de\/shop\/?post_type=product&#038;p=3506"},"modified":"2025-12-03T13:08:25","modified_gmt":"2025-12-03T12:08:25","slug":"jucad-junior-golftrolley","status":"publish","type":"product","link":"https:\/\/www.exclusive-golf-trolleys.de\/shop\/produkt\/jucad-junior-golftrolley\/","title":{"rendered":"JuCad Junior Golftrolley"},"content":{"rendered":"<p><strong>JuCad Junior Golftrolley<\/strong><br \/>\nInklusive praktischer JuCad Trolley Tragetasche<\/p>\n<p>Der leicht fahrbare JuCad Junior Edelstahl 3-Rad Golftrolley mit dem kleinen Packma\u00df ist der ideale Partner f\u00fcr alle Golfrunden unserer Kinder\/Jugend.<br \/>\nDie technischen Eigenschaften dieses Sondermodells f\u00fcr Kinder entsprechen denen seines \u201egro\u00dfen Bruders\u201c JuCad Edition aus Edelstahl.<br \/>\nDie stufenlos h\u00f6henverstellbare Griffstange des Golftrolleys passt sich den Bed\u00fcrfnissen und der Gr\u00f6\u00dfe Ihres Kindes an und erm\u00f6glicht ein r\u00fcckenschonendes<br \/>\nZiehen oder Schieben des Golftrolleys mit dem Golfbag.<br \/>\nMit dem JuCad Junior 3-Rad Edelstahl wird das Golfen f\u00fcr Ihre Kleinen zum kinderleichten Vergn\u00fcgen.<\/p>\n<p><strong>F\u00fcr alle Nachwuchsgolfer mit einer Gr\u00f6\u00dfe bis zu 1,50 Meter.<\/strong><\/p>\n<p>Die Felgen- und Reifenfarbe kann nach Wunsch frei ausgew\u00e4hlt werden, ohne Mehrkosten.<\/p>\n<p><strong>Eine Investition garantiert ohne Wertverlust!<\/strong><br \/>\nDie Modelle JuCad Junior und JuCad Junior Drive werden beim Kauf eines Nachfolgemodells zum vollen Kaufpreis wieder in Zahlung genommen.<\/p>\n<p><strong>Technische Details:<\/strong><\/p>\n<ul>\n<li>h\u00f6henverstellbare Griffstange<\/li>\n<li>klapp-, drehbare Bagauflage oben und unten<\/li>\n<li>Caddy aus hochwertigem Edelstahl<\/li>\n<li>extrem stabile Leichtlaufr\u00e4der<\/li>\n<li>Reifen mit Luftpolsterfederung, Reifenbelag wechselbar<\/li>\n<li>verschiedene Felgen- und Reifenfarben ohne Aufpreis<\/li>\n<li>leicht und klein zusammenlegbar<\/li>\n<li>flaches Packma\u00df zum Stecken: 55x46x10 cm<\/li>\n<li>Schirmhalterung f\u00fcr JuCad Schirm<\/li>\n<li>Gewicht Rahmen und R\u00e4der 4,5 kg<\/li>\n<li>Lieferung in praktischer Tragetasche<\/li>\n<li>handgefertigter Griff in edler Lederoptik<\/li>\n<\/ul>\n<p>Der JuCad Junior Edelstahl 3-Rad Golftrolley ist ein super Begleiter f\u00fcr ihre Kinder auf allen Terrains.<\/p>\n","protected":false},"excerpt":{"rendered":"<p>purer Fahrspa\u00df f\u00fcr unsere aufstrebende Golfjugend<\/p>\n<p>w\u00e4hlen sie unter Optionen das passende Zubeh\u00f6r aus<br \/>\nInklusive praktischer JuCad Trolley Tragetasche<\/p>\n","protected":false},"featured_media":3507,"comment_status":"open","ping_status":"closed","template":"","meta":{"ocean_post_layout":"","ocean_both_sidebars_style":"","ocean_both_sidebars_content_width":0,"ocean_both_sidebars_sidebars_width":0,"ocean_sidebar":"0","ocean_second_sidebar":"0","ocean_disable_margins":"enable","ocean_add_body_class":"","ocean_shortcode_before_top_bar":"","ocean_shortcode_after_top_bar":"","ocean_shortcode_before_header":"","ocean_shortcode_after_header":"","ocean_has_shortcode":"","ocean_shortcode_after_title":"","ocean_shortcode_before_footer_widgets":"","ocean_shortcode_after_footer_widgets":"","ocean_shortcode_before_footer_bottom":"","ocean_shortcode_after_footer_bottom":"","ocean_display_top_bar":"default","ocean_display_header":"default","ocean_header_style":"","ocean_center_header_left_menu":"0","ocean_custom_header_template":"0","ocean_custom_logo":0,"ocean_custom_retina_logo":0,"ocean_custom_logo_max_width":0,"ocean_custom_logo_tablet_max_width":0,"ocean_custom_logo_mobile_max_width":0,"ocean_custom_logo_max_height":0,"ocean_custom_logo_tablet_max_height":0,"ocean_custom_logo_mobile_max_height":0,"ocean_header_custom_menu":"0","ocean_menu_typo_font_family":"0","ocean_menu_typo_font_subset":"","ocean_menu_typo_font_size":0,"ocean_menu_typo_font_size_tablet":0,"ocean_menu_typo_font_size_mobile":0,"ocean_menu_typo_font_size_unit":"px","ocean_menu_typo_font_weight":"","ocean_menu_typo_font_weight_tablet":"","ocean_menu_typo_font_weight_mobile":"","ocean_menu_typo_transform":"","ocean_menu_typo_transform_tablet":"","ocean_menu_typo_transform_mobile":"","ocean_menu_typo_line_height":0,"ocean_menu_typo_line_height_tablet":0,"ocean_menu_typo_line_height_mobile":0,"ocean_menu_typo_line_height_unit":"","ocean_menu_typo_spacing":0,"ocean_menu_typo_spacing_tablet":0,"ocean_menu_typo_spacing_mobile":0,"ocean_menu_typo_spacing_unit":"","ocean_menu_link_color":"","ocean_menu_link_color_hover":"","ocean_menu_link_color_active":"","ocean_menu_link_background":"","ocean_menu_link_hover_background":"","ocean_menu_link_active_background":"","ocean_menu_social_links_bg":"","ocean_menu_social_hover_links_bg":"","ocean_menu_social_links_color":"","ocean_menu_social_hover_links_color":"","ocean_disable_title":"default","ocean_disable_heading":"default","ocean_post_title":"","ocean_post_subheading":"","ocean_post_title_style":"","ocean_post_title_background_color":"","ocean_post_title_background":0,"ocean_post_title_bg_image_position":"","ocean_post_title_bg_image_attachment":"","ocean_post_title_bg_image_repeat":"","ocean_post_title_bg_image_size":"","ocean_post_title_height":0,"ocean_post_title_bg_overlay":0.5,"ocean_post_title_bg_overlay_color":"","ocean_disable_breadcrumbs":"default","ocean_breadcrumbs_color":"","ocean_breadcrumbs_separator_color":"","ocean_breadcrumbs_links_color":"","ocean_breadcrumbs_links_hover_color":"","ocean_display_footer_widgets":"default","ocean_display_footer_bottom":"default","ocean_custom_footer_template":"0","omw_enable_modal_window":"enable","osh_disable_topbar_sticky":"default","osh_disable_header_sticky":"default","osh_sticky_header_style":"default","osh_sticky_header_effect":"","osh_custom_sticky_logo":0,"osh_custom_retina_sticky_logo":0,"osh_custom_sticky_logo_height":0,"osh_background_color":"","osh_links_color":"","osh_links_hover_color":"","osh_links_active_color":"","osh_links_bg_color":"","osh_links_hover_bg_color":"","osh_links_active_bg_color":"","osh_menu_social_links_color":"","osh_menu_social_hover_links_color":""},"product_brand":[1034],"product_cat":[58,44,60],"product_tag":[152,154,72,78,1075,166],"class_list":{"0":"post-3506","1":"product","2":"type-product","3":"status-publish","4":"has-post-thumbnail","6":"product_brand-jucad","7":"product_cat-jucad","8":"product_cat-golftrolleys","9":"product_cat-jucad-edelstahl-golftrolleys","10":"product_tag-3-rad","11":"product_tag-edelstahl","12":"product_tag-golftrolley","13":"product_tag-jucad","14":"product_tag-jucad-junior-golftrolley","15":"product_tag-junior","16":"tm-has-options","18":"entry","19":"has-media","21":"first","22":"instock","23":"sale","24":"taxable","25":"shipping-taxable","26":"purchasable","27":"product-type-simple","28":"col","29":"span_1_of_3","30":"owp-content-center","31":"owp-thumbs-layout-horizontal","32":"owp-btn-normal","33":"owp-tabs-layout-horizontal","34":"circle-sale"},"_links":{"self":[{"href":"https:\/\/www.exclusive-golf-trolleys.de\/shop\/wp-json\/wp\/v2\/product\/3506","targetHints":{"allow":["GET"]}}],"collection":[{"href":"https:\/\/www.exclusive-golf-trolleys.de\/shop\/wp-json\/wp\/v2\/product"}],"about":[{"href":"https:\/\/www.exclusive-golf-trolleys.de\/shop\/wp-json\/wp\/v2\/types\/product"}],"replies":[{"embeddable":true,"href":"https:\/\/www.exclusive-golf-trolleys.de\/shop\/wp-json\/wp\/v2\/comments?post=3506"}],"wp:featuredmedia":[{"embeddable":true,"href":"https:\/\/www.exclusive-golf-trolleys.de\/shop\/wp-json\/wp\/v2\/media\/3507"}],"wp:attachment":[{"href":"https:\/\/www.exclusive-golf-trolleys.de\/shop\/wp-json\/wp\/v2\/media?parent=3506"}],"wp:term":[{"taxonomy":"product_brand","embeddable":true,"href":"https:\/\/www.exclusive-golf-trolleys.de\/shop\/wp-json\/wp\/v2\/product_brand?post=3506"},{"taxonomy":"product_cat","embeddable":true,"href":"https:\/\/www.exclusive-golf-trolleys.de\/shop\/wp-json\/wp\/v2\/product_cat?post=3506"},{"taxonomy":"product_tag","embeddable":true,"href":"https:\/\/www.exclusive-golf-trolleys.de\/shop\/wp-json\/wp\/v2\/product_tag?post=3506"}],"curies":[{"name":"wp","href":"https:\/\/api.w.org\/{rel}","templated":true}]}}