{"id":1159,"date":"2022-05-24T12:54:46","date_gmt":"2022-05-24T10:54:46","guid":{"rendered":"https:\/\/www.exclusive-golf-trolleys.de\/shop\/?post_type=product&#038;p=1159"},"modified":"2026-01-26T20:07:19","modified_gmt":"2026-01-26T19:07:19","slug":"jucad-carbon-travel-2-0-weiss-schwarz-golftrolley","status":"publish","type":"product","link":"https:\/\/www.exclusive-golf-trolleys.de\/shop\/produkt\/jucad-carbon-travel-2-0-weiss-schwarz-golftrolley\/","title":{"rendered":"JuCad Carbon Travel 2.0 Wei\u00df Schwarz Golftrolley"},"content":{"rendered":"<p><strong>JuCad Carbon Travel 2.0 Wei\u00df<br \/>\nAusstellungsst\u00fcck<br \/>\n<\/strong><\/p>\n<p>Es sind kleine, fast nicht sichtbare Lacksch\u00e4den zu erkennen.<br \/>\nDer JuCad war nie auf auf einem Golfplatz im Einsatz, er war ein Ausstellungsst\u00fcck auf Veranstaltungen.<\/p>\n<p><strong>Original JuCad Zubeh\u00f6r im Preis bereits enthalten:<\/strong><br \/>\nJuCad Griffschutz Schwarz, 2-tlg.<br \/>\nJuCad Scorekartenhalter in Schwarz<br \/>\nJuCad Trolley Tragetasche Modell Travel<\/p>\n<p>Der JuCad Carbon Travel 2.0 Golftrolley im eleganten Design wird in einem aufwendigen Produktionsverfahren aus einem<br \/>\nKohlenstofffaser-Verbundwerkstoff gefertigt. Dank seines extrem stabilen Vollcarbonrahmens, der von uns speziell f\u00fcr<br \/>\ndie hohen Anforderungen auf dem Golfplatz ausgelegt wurde, bietet der Caddy Trolley trotz seines geringen Gewichts<br \/>\nvon nur 5,8 kg absolute Stabilit\u00e4t.<br \/>\nDas intelligente Technikpaket sorgt f\u00fcr weiteren Komfort und beinhaltet leise Brushless Motoren mit einer beidseitigen<br \/>\nelektronischen Parkbremse f\u00fcr sicheren Halt auf steilstem Gel\u00e4nde.<br \/>\nDer Magnetstecker und eine integrierte optische LED Ladestandsanzeige runden das Bild ab.<\/p>\n<p>Der JuCad Carbon Travel 2.0 erreicht ein Mini-Packma\u00df von nur 65x35x15 cm und ist somit der ideale Reisebegleiter.<\/p>\n<p>Der JuCad Carbon Travel l\u00e4sst sich samt ihres Golfbags bequem in ein JuCad Travelcover packen und Sie reisen mit nur einem Gep\u00e4ckst\u00fcck!<br \/>\nDer stufenlose Gasgriff, die automatische Vorw\u00e4rts- \/ R\u00fcckw\u00e4rts- \/ Freilauffunktion und der leise permanente Zweiradantrieb machen jede<br \/>\nGolfrunde zum Vergn\u00fcgen. Optional ist der JuCad Carbon Travel 2.0 mit der JuCad Fernsteuerung erh\u00e4ltlich, so sparen Sie Wege und k\u00f6nnen<br \/>\nsich voll auf Ihr Golfspiel konzentrieren.<\/p>\n<p><strong>Technische Details:<\/strong><\/p>\n<ul>\n<li>Integriertes Technikpaket 2.0 mit beidseitiger elektronischer Parkbremse, Brushless Motoren, Magnetstecker und Ladestandanzeige<\/li>\n<li>48V Antriebssystem<\/li>\n<li>Stufenloser Gasgriff f\u00fcr eine einfache Bedienung<\/li>\n<li>Drehschalter mit Vorw\u00e4rts-, R\u00fcckw\u00e4rts und Freilauffunktion<\/li>\n<li>Schirmhalterung f\u00fcr JuCad Schirm<\/li>\n<li>H\u00f6henverstellbare Griffstange<\/li>\n<li>Klapp- und drehbare Bagauflage oben und unten<\/li>\n<li>Leichtes Ziehen und Schieben auch ohne Akku m\u00f6glich<\/li>\n<li>Automatische Vorlauffunktion (Distanzgeber 10-20-30 Meter)<\/li>\n<li>Elektronische Bergbremse (Tempomat)<\/li>\n<li>Keine sichtbaren Kabel, Akkus und Motoren<\/li>\n<li>Lithium-Hochleistungsakku bis zu 45 Loch mit kleinem Schnellladeger\u00e4t \u2013 getestet, gepr\u00fcft und nach UN-Transporttest BU-202100303-B1 zertifiziert<\/li>\n<li>Extrem stabile Leichtlaufr\u00e4der<\/li>\n<li>Reifen mit Luftpolsterfederung, Reifenbelag wechselbar<\/li>\n<li>Verschiedene Felgen- und Reifenfarben ohne Aufpreis<\/li>\n<li>Leicht und klein zusammenlegbares Mini-Packma\u00df: 65x35x15 cm<\/li>\n<li>Vollcarbon-Rahmen mit 6 Jahren Garantie<\/li>\n<li>Gewicht Rahmen und R\u00e4der 5,8 kg<\/li>\n<li>Optional mit Fernsteuerung<\/li>\n<\/ul>\n","protected":false},"excerpt":{"rendered":"<p><strong>JuCad Carbon Travel 2.0 Wei\u00df<br \/>\nAusstellungsst\u00fcck<\/strong><br \/>\nDieses Modell wird so nicht mehr gebaut, letztes neues Exemplar.<br \/>\n6 Jahre JuCad Garantie ab Kaufdatum<\/p>\n","protected":false},"featured_media":1161,"comment_status":"open","ping_status":"closed","template":"","meta":{"ocean_post_layout":"","ocean_both_sidebars_style":"","ocean_both_sidebars_content_width":0,"ocean_both_sidebars_sidebars_width":0,"ocean_sidebar":"0","ocean_second_sidebar":"0","ocean_disable_margins":"enable","ocean_add_body_class":"","ocean_shortcode_before_top_bar":"","ocean_shortcode_after_top_bar":"","ocean_shortcode_before_header":"","ocean_shortcode_after_header":"","ocean_has_shortcode":"","ocean_shortcode_after_title":"","ocean_shortcode_before_footer_widgets":"","ocean_shortcode_after_footer_widgets":"","ocean_shortcode_before_footer_bottom":"","ocean_shortcode_after_footer_bottom":"","ocean_display_top_bar":"default","ocean_display_header":"default","ocean_header_style":"","ocean_center_header_left_menu":"0","ocean_custom_header_template":"0","ocean_custom_logo":0,"ocean_custom_retina_logo":0,"ocean_custom_logo_max_width":0,"ocean_custom_logo_tablet_max_width":0,"ocean_custom_logo_mobile_max_width":0,"ocean_custom_logo_max_height":0,"ocean_custom_logo_tablet_max_height":0,"ocean_custom_logo_mobile_max_height":0,"ocean_header_custom_menu":"0","ocean_menu_typo_font_family":"0","ocean_menu_typo_font_subset":"","ocean_menu_typo_font_size":0,"ocean_menu_typo_font_size_tablet":0,"ocean_menu_typo_font_size_mobile":0,"ocean_menu_typo_font_size_unit":"px","ocean_menu_typo_font_weight":"","ocean_menu_typo_font_weight_tablet":"","ocean_menu_typo_font_weight_mobile":"","ocean_menu_typo_transform":"","ocean_menu_typo_transform_tablet":"","ocean_menu_typo_transform_mobile":"","ocean_menu_typo_line_height":0,"ocean_menu_typo_line_height_tablet":0,"ocean_menu_typo_line_height_mobile":0,"ocean_menu_typo_line_height_unit":"","ocean_menu_typo_spacing":0,"ocean_menu_typo_spacing_tablet":0,"ocean_menu_typo_spacing_mobile":0,"ocean_menu_typo_spacing_unit":"","ocean_menu_link_color":"","ocean_menu_link_color_hover":"","ocean_menu_link_color_active":"","ocean_menu_link_background":"","ocean_menu_link_hover_background":"","ocean_menu_link_active_background":"","ocean_menu_social_links_bg":"","ocean_menu_social_hover_links_bg":"","ocean_menu_social_links_color":"","ocean_menu_social_hover_links_color":"","ocean_disable_title":"default","ocean_disable_heading":"default","ocean_post_title":"","ocean_post_subheading":"","ocean_post_title_style":"","ocean_post_title_background_color":"","ocean_post_title_background":0,"ocean_post_title_bg_image_position":"","ocean_post_title_bg_image_attachment":"","ocean_post_title_bg_image_repeat":"","ocean_post_title_bg_image_size":"","ocean_post_title_height":0,"ocean_post_title_bg_overlay":0.5,"ocean_post_title_bg_overlay_color":"","ocean_disable_breadcrumbs":"default","ocean_breadcrumbs_color":"","ocean_breadcrumbs_separator_color":"","ocean_breadcrumbs_links_color":"","ocean_breadcrumbs_links_hover_color":"","ocean_display_footer_widgets":"default","ocean_display_footer_bottom":"default","ocean_custom_footer_template":"0","omw_enable_modal_window":"enable","osh_disable_topbar_sticky":"default","osh_disable_header_sticky":"default","osh_sticky_header_style":"default","osh_sticky_header_effect":"","osh_custom_sticky_logo":0,"osh_custom_retina_sticky_logo":0,"osh_custom_sticky_logo_height":0,"osh_background_color":"","osh_links_color":"","osh_links_hover_color":"","osh_links_active_color":"","osh_links_bg_color":"","osh_links_hover_bg_color":"","osh_links_active_bg_color":"","osh_menu_social_links_color":"","osh_menu_social_hover_links_color":""},"product_brand":[1034],"product_cat":[58,44,62,15],"product_tag":[175,147,72,78,693,141,171],"class_list":{"0":"post-1159","1":"product","2":"type-product","3":"status-publish","4":"has-post-thumbnail","6":"product_brand-jucad","7":"product_cat-jucad","8":"product_cat-golftrolleys","9":"product_cat-jucad-carbon-golftrolleys","10":"product_cat-zubehoer","11":"product_tag-2-0","12":"product_tag-carbon","13":"product_tag-golftrolley","14":"product_tag-jucad","15":"product_tag-jucad-carbon-travel-2-0","16":"product_tag-travel","17":"product_tag-weiss-schwarz","18":"tm-has-options","20":"entry","21":"has-media","23":"first","24":"instock","25":"sale","26":"taxable","27":"shipping-taxable","28":"purchasable","29":"product-type-simple","30":"col","31":"span_1_of_3","32":"owp-content-center","33":"owp-thumbs-layout-horizontal","34":"owp-btn-normal","35":"owp-tabs-layout-horizontal","36":"circle-sale"},"_links":{"self":[{"href":"https:\/\/www.exclusive-golf-trolleys.de\/shop\/wp-json\/wp\/v2\/product\/1159","targetHints":{"allow":["GET"]}}],"collection":[{"href":"https:\/\/www.exclusive-golf-trolleys.de\/shop\/wp-json\/wp\/v2\/product"}],"about":[{"href":"https:\/\/www.exclusive-golf-trolleys.de\/shop\/wp-json\/wp\/v2\/types\/product"}],"replies":[{"embeddable":true,"href":"https:\/\/www.exclusive-golf-trolleys.de\/shop\/wp-json\/wp\/v2\/comments?post=1159"}],"wp:featuredmedia":[{"embeddable":true,"href":"https:\/\/www.exclusive-golf-trolleys.de\/shop\/wp-json\/wp\/v2\/media\/1161"}],"wp:attachment":[{"href":"https:\/\/www.exclusive-golf-trolleys.de\/shop\/wp-json\/wp\/v2\/media?parent=1159"}],"wp:term":[{"taxonomy":"product_brand","embeddable":true,"href":"https:\/\/www.exclusive-golf-trolleys.de\/shop\/wp-json\/wp\/v2\/product_brand?post=1159"},{"taxonomy":"product_cat","embeddable":true,"href":"https:\/\/www.exclusive-golf-trolleys.de\/shop\/wp-json\/wp\/v2\/product_cat?post=1159"},{"taxonomy":"product_tag","embeddable":true,"href":"https:\/\/www.exclusive-golf-trolleys.de\/shop\/wp-json\/wp\/v2\/product_tag?post=1159"}],"curies":[{"name":"wp","href":"https:\/\/api.w.org\/{rel}","templated":true}]}}